CRAN Package Check Results for Package spatialrisk

Last updated on 2021-10-25 00:49:27 CEST.

Flavor Version Tinstall Tcheck Ttotal Status Flags
r-devel-linux-x86_64-debian-clang 0.6.9 52.33 299.73 352.06 OK
r-devel-linux-x86_64-debian-gcc 0.6.9 44.17 223.87 268.04 OK
r-devel-linux-x86_64-fedora-clang 0.6.9 437.10 NOTE
r-devel-linux-x86_64-fedora-gcc 0.6.9 425.83 NOTE
r-devel-windows-x86_64 0.6.9 83.00 245.00 328.00 NOTE
r-devel-windows-x86_64-gcc10-UCRT 0.6.9 NOTE
r-patched-linux-x86_64 0.6.9 52.91 288.64 341.55 OK
r-patched-solaris-x86 0.6.9 522.60 NOTE
r-release-linux-x86_64 0.6.9 53.51 288.40 341.91 OK
r-release-macos-arm64 0.6.9 NOTE
r-release-macos-x86_64 0.6.9 NOTE
r-release-windows-ix86+x86_64 0.6.9 100.00 499.00 599.00 NOTE
r-oldrel-macos-x86_64 0.6.9 NOTE
r-oldrel-windows-ix86+x86_64 0.6.9 105.00 304.00 409.00 NOTE

Check Details

Version: 0.6.9
Check: installed package size
Result: NOTE
     installed size is 5.8Mb
     sub-directories of 1Mb or more:
     data 3.0Mb
     help 1.7Mb
     libs 1.0Mb
Flavors: r-devel-linux-x86_64-fedora-clang, r-devel-windows-x86_64, r-patched-solaris-x86, r-release-macos-arm64, r-release-macos-x86_64, r-release-windows-ix86+x86_64, r-oldrel-macos-x86_64, r-oldrel-windows-ix86+x86_64

Version: 0.6.9
Check: data for non-ASCII characters
Result: NOTE
     Note: found 281 marked UTF-8 strings
Flavors: r-devel-linux-x86_64-fedora-clang, r-devel-linux-x86_64-fedora-gcc, r-devel-windows-x86_64-gcc10-UCRT, r-patched-solaris-x86, r-release-macos-arm64, r-release-macos-x86_64, r-oldrel-macos-x86_64