CRAN Package Check Results for Package spatstat.core

Last updated on 2021-10-18 00:48:29 CEST.

Flavor Version Tinstall Tcheck Ttotal Status Flags
r-devel-linux-x86_64-debian-clang 2.3-0 99.26 805.55 904.81 OK
r-devel-linux-x86_64-debian-gcc 2.3-0 85.88 588.97 674.85 OK
r-devel-linux-x86_64-fedora-clang 2.3-0 1092.44 NOTE
r-devel-linux-x86_64-fedora-gcc 2.3-0 1091.70 OK
r-devel-windows-x86_64 2.3-0 164.00 307.00 471.00 NOTE --no-examples --no-tests --no-vignettes
r-devel-windows-x86_64-gcc10-UCRT 2.3-0 OK
r-patched-linux-x86_64 2.3-0 129.48 770.25 899.73 OK
r-patched-solaris-x86 2.3-0 1549.70 NOTE
r-release-linux-x86_64 2.3-0 99.40 770.80 870.20 OK
r-release-macos-arm64 2.3-0 NOTE
r-release-macos-x86_64 2.3-0 NOTE
r-release-windows-ix86+x86_64 2.3-0 165.00 412.00 577.00 NOTE --no-examples --no-tests --no-vignettes
r-oldrel-macos-x86_64 2.3-0 NOTE
r-oldrel-windows-ix86+x86_64 2.3-0 229.00 406.00 635.00 NOTE --no-examples --no-tests --no-vignettes

Check Details

Version: 2.3-0
Check: installed package size
Result: NOTE
     installed size is 7.8Mb
     sub-directories of 1Mb or more:
     R 3.2Mb
     help 3.1Mb
     libs 1.1Mb
Flavors: r-devel-linux-x86_64-fedora-clang, r-patched-solaris-x86, r-release-macos-arm64, r-release-macos-x86_64, r-oldrel-macos-x86_64

Version: 2.3-0
Flags: --no-examples --no-tests --no-vignettes
Check: installed package size
Result: NOTE
     installed size is 7.0Mb
     sub-directories of 1Mb or more:
     R 3.2Mb
     help 3.1Mb
Flavors: r-devel-windows-x86_64, r-release-windows-ix86+x86_64, r-oldrel-windows-ix86+x86_64