CRAN Package Check Results for Package spatstat.linnet

Last updated on 2025-01-20 00:48:34 CET.

Flavor Version Tinstall Tcheck Ttotal Status Flags
r-devel-linux-x86_64-debian-clang 3.2-3 26.08 189.38 215.46 OK
r-devel-linux-x86_64-debian-gcc 3.2-3 17.73 131.21 148.94 OK
r-devel-linux-x86_64-fedora-clang 3.2-3 374.72 OK
r-devel-linux-x86_64-fedora-gcc 3.2-3 341.68 OK
r-devel-windows-x86_64 3.2-3 34.00 237.00 271.00 OK
r-patched-linux-x86_64 3.2-3 31.21 186.09 217.30 NOTE
r-release-linux-x86_64 3.2-3 24.78 177.02 201.80 NOTE
r-release-macos-arm64 3.2-3 93.00 NOTE
r-release-macos-x86_64 3.2-3 118.00 NOTE
r-release-windows-x86_64 3.2-3 34.00 241.00 275.00 NOTE
r-oldrel-macos-arm64 3.2-3 88.00 NOTE
r-oldrel-macos-x86_64 3.2-3 149.00 NOTE
r-oldrel-windows-x86_64 3.2-3 39.00 282.00 321.00 NOTE

Check Details

Version: 3.2-3
Check: package dependencies
Result: NOTE Depends: includes the non-default packages: 'spatstat.data', 'spatstat.univar', 'spatstat.geom', 'spatstat.random', 'spatstat.explore', 'spatstat.model' Adding so many packages to the search path is excessive and importing selectively is preferable. Flavors: r-patched-linux-x86_64, r-release-linux-x86_64, r-release-macos-arm64, r-release-macos-x86_64, r-release-windows-x86_64, r-oldrel-macos-arm64, r-oldrel-macos-x86_64, r-oldrel-windows-x86_64