CRAN Package Check Results for Package spatstat.local

Last updated on 2024-03-05 00:51:59 CET.

Flavor Version Tinstall Tcheck Ttotal Status Flags
r-devel-linux-x86_64-debian-clang 5.0-1 13.95 185.06 199.01 NOTE
r-devel-linux-x86_64-debian-gcc 5.0-1 9.89 132.95 142.84 NOTE
r-devel-linux-x86_64-fedora-clang 5.0-1 226.85 NOTE
r-devel-linux-x86_64-fedora-gcc 5.0-1 225.34 NOTE
r-devel-windows-x86_64 5.0-1 12.00 158.00 170.00 NOTE
r-patched-linux-x86_64 5.0-1 11.61 179.15 190.76 NOTE
r-release-linux-x86_64 5.0-1 9.51 168.91 178.42 NOTE
r-release-macos-arm64 5.0-1 71.00 NOTE
r-release-macos-x86_64 5.0-1 116.00 NOTE
r-release-windows-x86_64 5.0-1 17.00 185.00 202.00 NOTE
r-oldrel-macos-arm64 5.0-1 66.00 NOTE
r-oldrel-windows-x86_64 5.0-1 17.00 192.00 209.00 NOTE

Check Details

Version: 5.0-1
Check: package dependencies
Result: NOTE Depends: includes the non-default packages: 'spatstat.data', 'spatstat.sparse', 'spatstat.geom', 'spatstat.random', 'spatstat.explore', 'spatstat.model', 'spatstat' Adding so many packages to the search path is excessive and importing selectively is preferable. Flavors: r-devel-linux-x86_64-debian-clang, r-devel-linux-x86_64-debian-gcc, r-devel-linux-x86_64-fedora-clang, r-devel-linux-x86_64-fedora-gcc, r-devel-windows-x86_64, r-patched-linux-x86_64, r-release-linux-x86_64, r-release-macos-arm64, r-release-macos-x86_64, r-release-windows-x86_64, r-oldrel-macos-arm64, r-oldrel-windows-x86_64