CRAN Package Check Results for Package spatsurv

Last updated on 2021-10-24 00:51:13 CEST.

Flavor Version Tinstall Tcheck Ttotal Status Flags
r-devel-linux-x86_64-debian-clang 1.6 44.48 438.32 482.80 OK
r-devel-linux-x86_64-debian-gcc 1.6 39.40 316.84 356.24 OK
r-devel-linux-x86_64-fedora-clang 1.6 599.00 NOTE
r-devel-linux-x86_64-fedora-gcc 1.6 612.58 NOTE
r-devel-windows-x86_64 1.6 70.00 312.00 382.00 OK
r-devel-windows-x86_64-gcc10-UCRT 1.6 NOTE
r-patched-linux-x86_64 1.6 46.35 415.38 461.73 OK
r-patched-solaris-x86 1.6 713.40 NOTE
r-release-linux-x86_64 1.6 41.90 414.89 456.79 OK
r-release-macos-arm64 1.6 OK
r-release-macos-x86_64 1.6 NOTE
r-release-windows-ix86+x86_64 1.6 66.00 463.00 529.00 OK
r-oldrel-macos-x86_64 1.6 NOTE
r-oldrel-windows-ix86+x86_64 1.6 69.00 311.00 380.00 OK

Additional issues

M1mac

Check Details

Version: 1.6
Check: dependencies in R code
Result: NOTE
    Namespace in Imports field not imported from: ‘spatstat’
     All declared Imports should be used.
Flavors: r-devel-linux-x86_64-fedora-clang, r-devel-linux-x86_64-fedora-gcc, r-devel-windows-x86_64-gcc10-UCRT, r-patched-solaris-x86, r-release-macos-x86_64, r-oldrel-macos-x86_64