Last updated on 2018-04-21 00:48:55 CEST.
Flavor | Version | Tinstall | Tcheck | Ttotal | Status | Flags |
---|---|---|---|---|---|---|
r-devel-linux-x86_64-debian-clang | 0.7-7 | 28.61 | 376.82 | 405.43 | OK | |
r-devel-linux-x86_64-debian-gcc | 0.7-7 | 22.57 | 285.40 | 307.97 | OK | |
r-devel-linux-x86_64-fedora-clang | 0.7-7 | 465.05 | OK | |||
r-devel-linux-x86_64-fedora-gcc | 0.7-7 | 465.40 | OK | |||
r-devel-windows-ix86+x86_64 | 0.7-7 | 72.00 | 530.00 | 602.00 | OK | |
r-devel-osx-x86_64 | 0.7-7 | NOTE | ||||
r-patched-linux-x86_64 | 0.7-7 | 27.44 | 367.09 | 394.53 | OK | |
r-patched-solaris-x86 | 0.7-7 | 697.00 | OK | |||
r-release-linux-x86_64 | 0.7-7 | 10.61 | 377.88 | 388.49 | OK | |
r-release-windows-ix86+x86_64 | 0.7-7 | 49.00 | 643.00 | 692.00 | OK | |
r-release-osx-x86_64 | 0.7-7 | OK | ||||
r-oldrel-windows-ix86+x86_64 | 0.7-7 | 51.00 | 426.00 | 477.00 | OK |
Version: 0.7-7
Check: re-building of vignette outputs
Result: NOTE
Error in re-building vignettes:
...
Quitting from lines 244-246 (nb_sf.Rmd)
Error: processing vignette 'nb_sf.Rmd' failed with diagnostics:
unable to find an inherited method for function 'row.names<-' for signature '"data.frame", "character"'
Execution halted
Flavor: r-devel-osx-x86_64