CRAN Package Check Results for Package spgs

Last updated on 2024-07-24 00:54:04 CEST.

Flavor Version Tinstall Tcheck Ttotal Status Flags
r-devel-linux-x86_64-debian-clang 1.0-4 10.87 53.80 64.67 NOTE
r-devel-linux-x86_64-debian-gcc 1.0-4 6.94 42.09 49.03 NOTE
r-devel-linux-x86_64-fedora-clang 1.0-4 81.37 NOTE
r-devel-linux-x86_64-fedora-gcc 1.0-4 81.83 NOTE
r-devel-windows-x86_64 1.0-4 7.00 86.00 93.00 NOTE
r-patched-linux-x86_64 1.0-4 9.34 53.41 62.75 NOTE
r-release-linux-x86_64 1.0-4 6.11 52.38 58.49 NOTE
r-release-macos-arm64 1.0-4 34.00 NOTE
r-release-macos-x86_64 1.0-4 59.00 NOTE
r-release-windows-x86_64 1.0-4 7.00 82.00 89.00 NOTE
r-oldrel-macos-arm64 1.0-4 41.00 OK
r-oldrel-macos-x86_64 1.0-4 79.00 OK
r-oldrel-windows-x86_64 1.0-4 7.00 93.00 100.00 OK

Check Details

Version: 1.0-4
Check: Rd files
Result: NOTE checkRd: (-1) cylinder.counts.Rd:61-62: Lost braces 61 | nucleotide, so that \code{a.c} represents the set {\code{aac}, \code{acc}, | ^ Flavors: r-devel-linux-x86_64-debian-clang, r-devel-linux-x86_64-debian-gcc, r-devel-linux-x86_64-fedora-clang, r-devel-linux-x86_64-fedora-gcc, r-devel-windows-x86_64, r-patched-linux-x86_64, r-release-linux-x86_64, r-release-macos-arm64, r-release-macos-x86_64, r-release-windows-x86_64