CRAN Package Check Results for Package spgwr

Last updated on 2021-10-24 00:51:13 CEST.

Flavor Version Tinstall Tcheck Ttotal Status Flags
r-devel-linux-x86_64-debian-clang 0.6-34 25.70 241.01 266.71 OK
r-devel-linux-x86_64-debian-gcc 0.6-34 17.59 179.00 196.59 OK
r-devel-linux-x86_64-fedora-clang 0.6-34 324.35 OK
r-devel-linux-x86_64-fedora-gcc 0.6-34 317.84 OK
r-devel-windows-x86_64 0.6-34 40.00 189.00 229.00 OK
r-devel-windows-x86_64-gcc10-UCRT 0.6-34 OK
r-patched-linux-x86_64 0.6-34 23.75 232.44 256.19 OK
r-patched-solaris-x86 0.6-34 390.00 OK
r-release-linux-x86_64 0.6-34 24.05 232.50 256.55 OK
r-release-macos-arm64 0.6-34 OK
r-release-macos-x86_64 0.6-34 OK
r-release-windows-ix86+x86_64 0.6-34 5.00 7.00 12.00 ERROR
r-oldrel-macos-x86_64 0.6-34 OK
r-oldrel-windows-ix86+x86_64 0.6-34 28.00 187.00 215.00 OK

Check Details

Version: 0.6-34
Check: whether package can be installed
Result: ERROR
    Installation failed.
Flavor: r-release-windows-ix86+x86_64