Last updated on 2023-05-29 00:59:46 CEST.
Flavor | Version | Tinstall | Tcheck | Ttotal | Status | Flags |
---|---|---|---|---|---|---|
r-devel-linux-x86_64-debian-clang | 0.3.6 | 9.50 | 320.84 | 330.34 | NOTE | |
r-devel-linux-x86_64-debian-gcc | 0.3.6 | 5.58 | 242.16 | 247.74 | NOTE | |
r-devel-linux-x86_64-fedora-clang | 0.3.6 | 434.97 | NOTE | |||
r-devel-linux-x86_64-fedora-gcc | 0.3.6 | 425.15 | NOTE | |||
r-devel-windows-x86_64 | 0.3.6 | 9.00 | 266.00 | 275.00 | NOTE | |
r-patched-linux-x86_64 | 0.3.6 | 8.31 | 309.17 | 317.48 | NOTE | |
r-release-linux-x86_64 | 0.3.6 | 6.97 | 303.24 | 310.21 | NOTE | |
r-release-macos-arm64 | 0.3.6 | 125.00 | NOTE | |||
r-release-macos-x86_64 | 0.3.6 | 197.00 | NOTE | |||
r-release-windows-x86_64 | 0.3.6 | 13.00 | 341.00 | 354.00 | NOTE | |
r-oldrel-macos-arm64 | 0.3.6 | 165.00 | OK | |||
r-oldrel-macos-x86_64 | 0.3.6 | 212.00 | OK | |||
r-oldrel-windows-x86_64 | 0.3.6 | 12.00 | 347.00 | 359.00 | OK |
Version: 0.3.6
Check: Rd files
Result: NOTE
checkRd: (-1) PimaIndiansDiabetes_long.Rd:14: Escaped LaTeX specials: \^
checkRd: (-1) PimaIndiansDiabetes_wide.Rd:16: Escaped LaTeX specials: \^
Flavors: r-devel-linux-x86_64-debian-clang, r-devel-linux-x86_64-debian-gcc, r-devel-linux-x86_64-fedora-clang, r-devel-linux-x86_64-fedora-gcc, r-devel-windows-x86_64, r-patched-linux-x86_64, r-release-linux-x86_64, r-release-macos-arm64, r-release-macos-x86_64, r-release-windows-x86_64