Last updated on 2023-03-26 00:51:57 CET.
Flavor | Version | Tinstall | Tcheck | Ttotal | Status | Flags |
---|---|---|---|---|---|---|
r-devel-linux-x86_64-debian-clang | 1.1.3 | 51.12 | 109.98 | 161.10 | NOTE | |
r-devel-linux-x86_64-debian-gcc | 1.1.3 | 41.61 | 83.34 | 124.95 | NOTE | |
r-devel-linux-x86_64-fedora-clang | 1.1.3 | 215.95 | NOTE | |||
r-devel-linux-x86_64-fedora-gcc | 1.1.3 | 200.91 | NOTE | |||
r-patched-linux-x86_64 | 1.1.3 | 47.14 | 106.38 | 153.52 | OK | |
r-release-linux-x86_64 | 1.1.3 | 45.86 | 105.42 | 151.28 | OK | |
r-release-macos-arm64 | 1.1.3 | 68.00 | OK | |||
r-release-macos-x86_64 | 1.1.3 | 120.00 | OK | |||
r-release-windows-x86_64 | 1.1.3 | 51.00 | 155.00 | 206.00 | OK | |
r-oldrel-macos-arm64 | 1.1.3 | 80.00 | OK | |||
r-oldrel-macos-x86_64 | 1.1.3 | 78.00 | OK | |||
r-oldrel-windows-ix86+x86_64 | 1.1.3 | 126.00 | 187.00 | 313.00 | OK |
Version: 1.1.3
Check: C++ specification
Result: NOTE
Specified C++11: please drop specification unless essential
Flavors: r-devel-linux-x86_64-debian-clang, r-devel-linux-x86_64-debian-gcc, r-devel-linux-x86_64-fedora-clang, r-devel-linux-x86_64-fedora-gcc