CRAN Package Check Results for Package spnaf

Last updated on 2024-06-14 00:54:00 CEST.

Flavor Version Tinstall Tcheck Ttotal Status Flags
r-devel-linux-x86_64-debian-clang 0.3.1 5.77 128.41 134.18 OK
r-devel-linux-x86_64-debian-gcc 0.3.1 0.35 1.84 2.19 ERROR
r-devel-linux-x86_64-fedora-clang 1.0.0 105.99 OK
r-devel-linux-x86_64-fedora-gcc 1.0.0 185.36 OK
r-devel-windows-x86_64 1.0.0 4.00 9.00 13.00 ERROR
r-patched-linux-x86_64 0.3.1 5.72 126.60 132.32 OK
r-release-linux-x86_64 0.3.1 3.28 126.19 129.47 OK
r-release-macos-arm64 1.0.0 64.00 OK
r-release-macos-x86_64 1.0.0 173.00 OK
r-release-windows-x86_64 0.3.1 7.00 107.00 114.00 OK
r-oldrel-macos-arm64 1.0.0 91.00 OK
r-oldrel-macos-x86_64 1.0.0 227.00 OK
r-oldrel-windows-x86_64 0.3.1 8.00 133.00 141.00 OK

Check Details

Version: 0.3.1
Check: package dependencies
Result: ERROR Packages required but not available: 'dplyr', 'tidyr' Package suggested but not available for checking: ‘tmap’ See section ‘The DESCRIPTION file’ in the ‘Writing R Extensions’ manual. Flavor: r-devel-linux-x86_64-debian-gcc

Version: 1.0.0
Check: whether package can be installed
Result: ERROR Installation failed. Flavor: r-devel-windows-x86_64