CRAN Package Check Results for Package spocc

Last updated on 2021-10-23 00:49:10 CEST.

Flavor Version Tinstall Tcheck Ttotal Status Flags
r-devel-linux-x86_64-debian-clang 1.2.0 12.82 85.49 98.31 NOTE
r-devel-linux-x86_64-debian-gcc 1.2.0 12.09 63.07 75.16 NOTE
r-devel-linux-x86_64-fedora-clang 1.2.0 126.40 NOTE
r-devel-linux-x86_64-fedora-gcc 1.2.0 111.72 NOTE
r-devel-windows-x86_64 1.2.0 18.00 80.00 98.00 NOTE
r-devel-windows-x86_64-gcc10-UCRT 1.2.0 NOTE
r-patched-linux-x86_64 1.2.0 22.19 80.00 102.19 NOTE
r-patched-solaris-x86 1.2.0 159.20 NOTE
r-release-linux-x86_64 1.2.0 15.19 79.23 94.42 NOTE
r-release-macos-arm64 1.2.0 NOTE
r-release-macos-x86_64 1.2.0 NOTE
r-release-windows-ix86+x86_64 1.2.0 18.00 109.00 127.00 NOTE
r-oldrel-macos-x86_64 1.2.0 OK
r-oldrel-windows-ix86+x86_64 1.2.0 24.00 107.00 131.00 OK

Check Details

Version: 1.2.0
Check: LazyData
Result: NOTE
     'LazyData' is specified without a 'data' directory
Flavors: r-devel-linux-x86_64-debian-clang, r-devel-linux-x86_64-debian-gcc, r-devel-linux-x86_64-fedora-clang, r-devel-linux-x86_64-fedora-gcc, r-devel-windows-x86_64, r-devel-windows-x86_64-gcc10-UCRT, r-patched-linux-x86_64, r-patched-solaris-x86, r-release-linux-x86_64, r-release-macos-arm64, r-release-macos-x86_64, r-release-windows-ix86+x86_64

Version: 1.2.0
Check: package dependencies
Result: NOTE
    Package suggested but not available for checking: 'taxize'
Flavor: r-devel-windows-x86_64-gcc10-UCRT