Last updated on 2023-11-29 00:50:34 CET.
Flavor | Version | Tinstall | Tcheck | Ttotal | Status | Flags |
---|---|---|---|---|---|---|
r-devel-linux-x86_64-debian-clang | 0.2.0 | 29.63 | 110.14 | 139.77 | NOTE | |
r-devel-linux-x86_64-debian-gcc | 0.2.0 | 24.22 | 80.09 | 104.31 | WARN | |
r-devel-linux-x86_64-fedora-clang | 0.2.0 | 189.67 | NOTE | |||
r-devel-linux-x86_64-fedora-gcc | 0.2.0 | 186.66 | WARN | |||
r-devel-windows-x86_64 | 0.2.0 | 27.00 | 114.00 | 141.00 | NOTE | |
r-patched-linux-x86_64 | 0.2.0 | 27.32 | 101.61 | 128.93 | NOTE | |
r-release-linux-x86_64 | 0.2.0 | 26.50 | 102.36 | 128.86 | NOTE | |
r-release-macos-arm64 | 0.2.0 | 61.00 | NOTE | |||
r-release-macos-x86_64 | 0.2.0 | 110.00 | NOTE | |||
r-release-windows-x86_64 | 0.2.0 | 34.00 | 144.00 | 178.00 | NOTE | |
r-oldrel-macos-arm64 | 0.2.0 | 55.00 | NOTE | |||
r-oldrel-macos-x86_64 | 0.2.0 | 94.00 | NOTE | |||
r-oldrel-windows-x86_64 | 0.2.0 | 33.00 | 136.00 | 169.00 | OK |
Version: 0.2.0
Check: C++ specification
Result: NOTE
Specified C++11: please drop specification unless essential
Flavors: r-devel-linux-x86_64-debian-clang, r-devel-linux-x86_64-debian-gcc, r-devel-linux-x86_64-fedora-clang, r-devel-linux-x86_64-fedora-gcc, r-devel-windows-x86_64, r-patched-linux-x86_64, r-release-linux-x86_64, r-release-macos-arm64, r-release-macos-x86_64, r-release-windows-x86_64
Version: 0.2.0
Check: whether package can be installed
Result: WARN
Found the following significant warnings:
ratings.cpp:9:28: warning: format ‘%p’ expects argument of type ‘void*’, but argument 3 has type ‘SEXP’ {aka ‘SEXPREC*’} [-Wformat=]
ratings.cpp:9:28: warning: format ‘%p’ expects argument of type ‘void*’, but argument 4 has type ‘Rcpp::NumericVector*’ {aka ‘Rcpp::Vector<14, Rcpp::PreserveStorage>*’} [-Wformat=]
See ‘/home/hornik/tmp/R.check/r-devel-gcc/Work/PKGS/sport.Rcheck/00install.out’ for details.
* used C++ compiler: ‘g++-13 (Debian 13.2.0-5) 13.2.0’
Flavor: r-devel-linux-x86_64-debian-gcc
Version: 0.2.0
Check: data for non-ASCII characters
Result: NOTE
Note: found 7587 marked UTF-8 strings
Flavors: r-devel-linux-x86_64-fedora-clang, r-devel-linux-x86_64-fedora-gcc, r-oldrel-macos-arm64, r-oldrel-macos-x86_64
Version: 0.2.0
Check: whether package can be installed
Result: WARN
Found the following significant warnings:
ratings.cpp:9:28: warning: format '%p' expects argument of type 'void*', but argument 3 has type 'SEXP' {aka 'SEXPREC*'} [-Wformat=]
ratings.cpp:9:28: warning: format '%p' expects argument of type 'void*', but argument 4 has type 'Rcpp::NumericVector*' {aka 'Rcpp::Vector<14, Rcpp::PreserveStorage>*'} [-Wformat=]
See ‘/data/gannet/ripley/R/packages/tests-devel/sport.Rcheck/00install.out’ for details.
* used C++ compiler: ‘g++-13 (GCC) 13.2.0’
Flavor: r-devel-linux-x86_64-fedora-gcc