CRAN Package Check Results for Package sport

Last updated on 2021-11-28 00:49:01 CET.

Flavor Version Tinstall Tcheck Ttotal Status Flags
r-devel-linux-x86_64-debian-clang 0.2.0 OK
r-devel-linux-x86_64-debian-gcc 0.2.0 21.53 73.73 95.26 OK
r-devel-linux-x86_64-fedora-clang 0.2.0 172.83 NOTE
r-devel-linux-x86_64-fedora-gcc 0.2.0 159.14 NOTE
r-devel-windows-x86_64-new-UL 0.2.0 43.00 184.00 227.00 OK
r-devel-windows-x86_64-new-TK 0.2.0 NOTE
r-devel-windows-x86_64-old 0.2.0 31.00 149.00 180.00 OK
r-patched-linux-x86_64 0.2.0 24.64 94.67 119.31 OK
r-patched-solaris-x86 0.2.0 174.20 NOTE
r-release-linux-x86_64 0.2.0 OK
r-release-macos-arm64 0.2.0 NOTE
r-release-macos-x86_64 0.2.0 NOTE
r-release-windows-ix86+x86_64 0.2.0 70.00 144.00 214.00 OK
r-oldrel-macos-x86_64 0.2.0 NOTE
r-oldrel-windows-ix86+x86_64 0.2.0 73.00 202.00 275.00 OK

Check Details

Version: 0.2.0
Check: data for non-ASCII characters
Result: NOTE
     Note: found 7587 marked UTF-8 strings
Flavors: r-devel-linux-x86_64-fedora-clang, r-devel-linux-x86_64-fedora-gcc, r-devel-windows-x86_64-new-TK, r-patched-solaris-x86, r-release-macos-arm64, r-release-macos-x86_64, r-oldrel-macos-x86_64