Last updated on 2023-12-09 00:52:54 CET.
Flavor | Version | Tinstall | Tcheck | Ttotal | Status | Flags |
---|---|---|---|---|---|---|
r-devel-linux-x86_64-debian-clang | 5.5.0 | 35.75 | 428.44 | 464.19 | NOTE | |
r-devel-linux-x86_64-debian-gcc | 5.5.0 | 26.97 | 316.46 | 343.43 | NOTE | |
r-devel-linux-x86_64-fedora-clang | 5.5.0 | 594.69 | NOTE | |||
r-devel-linux-x86_64-fedora-gcc | 5.5.0 | 632.87 | OK | |||
r-devel-windows-x86_64 | 5.5.0 | 31.00 | 300.00 | 331.00 | NOTE | |
r-patched-linux-x86_64 | 5.5.0 | 32.79 | 414.96 | 447.75 | OK | |
r-release-linux-x86_64 | 5.5.0 | 24.81 | 410.10 | 434.91 | OK | |
r-release-macos-arm64 | 5.5.0 | 141.00 | NOTE | |||
r-release-macos-x86_64 | 5.5.0 | 252.00 | NOTE | |||
r-release-windows-x86_64 | 5.5.0 | 41.00 | 394.00 | 435.00 | NOTE | |
r-oldrel-macos-arm64 | 5.5.0 | 120.00 | NOTE | |||
r-oldrel-macos-x86_64 | 5.5.0 | 175.00 | NOTE | |||
r-oldrel-windows-x86_64 | 5.5.0 | 44.00 | 376.00 | 420.00 | NOTE |
Version: 5.5.0
Check: Rd files
Result: NOTE
checkRd: (-1) power_dsgn.Rd:138-139: Lost braces in \itemize; meant \describe ?
Flavors: r-devel-linux-x86_64-debian-clang, r-devel-linux-x86_64-debian-gcc
Version: 5.5.0
Check: installed package size
Result: NOTE
installed size is 7.7Mb
sub-directories of 1Mb or more:
doc 6.1Mb
Flavors: r-devel-linux-x86_64-fedora-clang, r-devel-windows-x86_64, r-release-macos-arm64, r-release-macos-x86_64, r-release-windows-x86_64, r-oldrel-macos-arm64, r-oldrel-macos-x86_64, r-oldrel-windows-x86_64