Last updated on 2023-11-28 00:57:04 CET.
Flavor | Version | Tinstall | Tcheck | Ttotal | Status | Flags |
---|---|---|---|---|---|---|
r-devel-linux-x86_64-debian-clang | 1.3-2 | 32.10 | 492.37 | 524.47 | OK | |
r-devel-linux-x86_64-debian-gcc | 1.3-2 | 27.98 | 369.37 | 397.35 | OK | |
r-devel-linux-x86_64-fedora-clang | 1.3-2 | 564.88 | NOTE | |||
r-devel-linux-x86_64-fedora-gcc | 1.3-2 | 499.28 | NOTE | |||
r-devel-windows-x86_64 | 1.3-2 | 26.00 | 298.00 | 324.00 | OK | |
r-patched-linux-x86_64 | 1.3-2 | 35.92 | 459.50 | 495.42 | OK | |
r-release-linux-x86_64 | 1.3-2 | 31.66 | 459.66 | 491.32 | OK | |
r-release-macos-arm64 | 1.3-2 | 162.00 | OK | |||
r-release-macos-x86_64 | 1.3-2 | 285.00 | OK | |||
r-release-windows-x86_64 | 1.3-2 | 38.00 | 410.00 | 448.00 | OK | |
r-oldrel-macos-arm64 | 1.3-2 | 114.00 | NOTE | |||
r-oldrel-macos-x86_64 | 1.3-2 | 171.00 | NOTE | |||
r-oldrel-windows-x86_64 | 1.3-2 | 38.00 | 404.00 | 442.00 | OK |
Version: 1.3-2
Check: dependencies in R code
Result: NOTE
Namespace in Imports field not imported from: ‘sp’
All declared Imports should be used.
Flavors: r-devel-linux-x86_64-fedora-clang, r-devel-linux-x86_64-fedora-gcc, r-oldrel-macos-arm64, r-oldrel-macos-x86_64