CRAN Package Check Results for Package sqp

Last updated on 2021-10-28 00:49:00 CEST.

Flavor Version Tinstall Tcheck Ttotal Status Flags
r-devel-linux-x86_64-debian-clang 0.5 169.41 28.17 197.58 NOTE
r-devel-linux-x86_64-debian-gcc 0.5 154.02 33.51 187.53 NOTE
r-devel-linux-x86_64-fedora-clang 0.5 331.46 NOTE
r-devel-linux-x86_64-fedora-gcc 0.5 335.83 NOTE
r-devel-windows-x86_64 0.5 248.00 56.00 304.00 NOTE
r-devel-windows-x86_64-gcc10-UCRT 0.5 NOTE
r-patched-linux-x86_64 0.5 187.19 40.07 227.26 NOTE
r-patched-solaris-x86 0.5 321.30 WARN
r-release-linux-x86_64 0.5 183.18 40.46 223.64 NOTE
r-release-macos-arm64 0.5 WARN
r-release-macos-x86_64 0.5 WARN
r-release-windows-ix86+x86_64 0.5 348.00 102.00 450.00 NOTE
r-oldrel-macos-x86_64 0.5 WARN
r-oldrel-windows-ix86+x86_64 0.5 345.00 99.00 444.00 NOTE

Check Details

Version: 0.5
Check: for GNU extensions in Makefiles
Result: NOTE
    GNU make is a SystemRequirements.
Flavors: r-devel-linux-x86_64-debian-clang, r-devel-linux-x86_64-debian-gcc, r-devel-linux-x86_64-fedora-clang, r-devel-linux-x86_64-fedora-gcc, r-devel-windows-x86_64, r-devel-windows-x86_64-gcc10-UCRT, r-patched-linux-x86_64, r-patched-solaris-x86, r-release-linux-x86_64, r-release-macos-arm64, r-release-macos-x86_64, r-release-windows-ix86+x86_64, r-oldrel-macos-x86_64, r-oldrel-windows-ix86+x86_64

Version: 0.5
Check: installed package size
Result: NOTE
     installed size is 23.1Mb
     sub-directories of 1Mb or more:
     libs 22.9Mb
Flavors: r-devel-linux-x86_64-fedora-clang, r-release-macos-arm64, r-release-macos-x86_64, r-oldrel-macos-x86_64

Version: 0.5
Check: compiled code
Result: WARN
    File ‘sqp/libs/sqp.so’:
     Found ‘__assert_c99’, possibly from ‘assert’ (C)
     Object: ‘solver_dense.o’
    
    Compiled code should not call entry points which might terminate R nor
    write to stdout/stderr instead of to the console, nor use Fortran I/O
    nor system RNGs.
    
    See ‘Writing portable packages’ in the ‘Writing R Extensions’ manual.
Flavor: r-patched-solaris-x86

Version: 0.5
Check: compiled code
Result: WARN
    File ‘sqp/libs/sqp.so’:
     Found ‘___assert_rtn’, possibly from ‘assert’ (C)
     Object: ‘solver_dense.o’
    
    Compiled code should not call entry points which might terminate R nor
    write to stdout/stderr instead of to the console, nor use Fortran I/O
    nor system RNGs.
    
    See ‘Writing portable packages’ in the ‘Writing R Extensions’ manual.
Flavors: r-release-macos-arm64, r-release-macos-x86_64, r-oldrel-macos-x86_64