CRAN Package Check Results for Package sspse

Last updated on 2024-07-22 00:50:50 CEST.

Flavor Version Tinstall Tcheck Ttotal Status Flags
r-devel-linux-x86_64-debian-clang 1.1.0-1 32.07 168.36 200.43 OK
r-devel-linux-x86_64-debian-gcc 1.1.0-1 25.86 123.93 149.79 NOTE
r-devel-linux-x86_64-fedora-clang 1.1.0-1 255.31 OK
r-devel-linux-x86_64-fedora-gcc 1.1.0-1 259.13 OK
r-devel-windows-x86_64 1.1.0-1 40.00 139.00 179.00 NOTE
r-patched-linux-x86_64 1.1.0-1 30.10 162.22 192.32 NOTE
r-release-linux-x86_64 1.1.0-1 22.67 160.75 183.42 OK
r-release-macos-arm64 1.1.0-1 64.00 OK
r-release-macos-x86_64 1.1.0-1 98.00 OK
r-release-windows-x86_64 1.1.0-1 38.00 142.00 180.00 OK
r-oldrel-macos-arm64 1.1.0-1 72.00 OK
r-oldrel-macos-x86_64 1.1.0-1 179.00 OK
r-oldrel-windows-x86_64 1.1.0-1 47.00 174.00 221.00 OK

Check Details

Version: 1.1.0-1
Check: Rd cross-references
Result: NOTE Found the following Rd file(s) with Rd \link{} targets missing package anchors: fauxmadrona2.Rd: fauxsycamore, fauxmadrona Please provide package anchors for all Rd \link{} targets not in the package itself and the base packages. Flavors: r-devel-linux-x86_64-debian-gcc, r-devel-windows-x86_64

Version: 1.1.0-1
Check: package dependencies
Result: NOTE Package suggested but not available for checking: ‘densEstBayes’ Flavor: r-patched-linux-x86_64