CRAN Package Check Results for Package ssrn

Last updated on 2021-10-16 00:49:32 CEST.

Flavor Version Tinstall Tcheck Ttotal Status Flags
r-devel-linux-x86_64-debian-clang 0.1.0 2.34 28.16 30.50 NOTE
r-devel-linux-x86_64-debian-gcc 0.1.0 1.88 22.43 24.31 NOTE
r-devel-linux-x86_64-fedora-clang 0.1.0 50.80 NOTE
r-devel-linux-x86_64-fedora-gcc 0.1.0 36.37 NOTE
r-devel-windows-x86_64 0.1.0 8.00 36.00 44.00 OK
r-devel-windows-x86_64-gcc10-UCRT 0.1.0 NOTE
r-patched-linux-x86_64 0.1.0 2.55 27.21 29.76 NOTE
r-patched-solaris-x86 0.1.0 57.90 NOTE
r-release-linux-x86_64 0.1.0 2.41 27.04 29.45 NOTE
r-release-macos-arm64 0.1.0 NOTE
r-release-macos-x86_64 0.1.0 NOTE
r-release-windows-ix86+x86_64 0.1.0 6.00 49.00 55.00 OK
r-oldrel-macos-x86_64 0.1.0 OK
r-oldrel-windows-ix86+x86_64 0.1.0 6.00 50.00 56.00 OK

Check Details

Version: 0.1.0
Check: package dependencies
Result: NOTE
    Package suggested but not available for checking: 'scanstatistics'
Flavors: r-devel-linux-x86_64-debian-clang, r-devel-linux-x86_64-debian-gcc, r-devel-linux-x86_64-fedora-clang, r-devel-linux-x86_64-fedora-gcc, r-devel-windows-x86_64-gcc10-UCRT, r-patched-linux-x86_64, r-patched-solaris-x86, r-release-linux-x86_64, r-release-macos-arm64, r-release-macos-x86_64