CRAN Package Check Results for Package stable

Last updated on 2021-12-06 00:48:44 CET.

Flavor Version Tinstall Tcheck Ttotal Status Flags
r-devel-linux-x86_64-debian-clang 1.1.4 5.26 37.14 42.40 NOTE
r-devel-linux-x86_64-debian-gcc 1.1.4 3.68 31.02 34.70 NOTE
r-devel-linux-x86_64-fedora-clang 1.1.4 53.44 NOTE
r-devel-linux-x86_64-fedora-gcc 1.1.4 41.41 NOTE
r-devel-windows-x86_64-new-UL 1.1.4 12.00 68.00 80.00 NOTE
r-devel-windows-x86_64-new-TK 1.1.4 NOTE
r-devel-windows-x86_64-old 1.1.4 8.00 37.00 45.00 NOTE
r-patched-linux-x86_64 1.1.4 4.09 28.46 32.55 NOTE
r-release-linux-x86_64 1.1.4 4.43 36.45 40.88 NOTE
r-release-macos-arm64 1.1.4 NOTE
r-release-macos-x86_64 1.1.4 NOTE
r-release-windows-ix86+x86_64 1.1.4 12.00 61.00 73.00 NOTE
r-oldrel-macos-x86_64 1.1.4 NOTE
r-oldrel-windows-ix86+x86_64 1.1.4 13.00 60.00 73.00 OK

Check Details

Version: 1.1.4
Check: LazyData
Result: NOTE
     'LazyData' is specified without a 'data' directory
Flavors: r-devel-linux-x86_64-debian-clang, r-devel-linux-x86_64-debian-gcc, r-devel-linux-x86_64-fedora-clang, r-devel-linux-x86_64-fedora-gcc, r-devel-windows-x86_64-new-UL, r-devel-windows-x86_64-new-TK, r-devel-windows-x86_64-old, r-patched-linux-x86_64, r-release-linux-x86_64, r-release-macos-arm64, r-release-macos-x86_64, r-release-windows-ix86+x86_64

Version: 1.1.4
Check: dependencies in R code
Result: NOTE
    Namespace in Imports field not imported from: ‘stabledist’
     All declared Imports should be used.
Flavors: r-devel-linux-x86_64-fedora-clang, r-devel-linux-x86_64-fedora-gcc, r-devel-windows-x86_64-new-TK, r-release-macos-arm64, r-release-macos-x86_64, r-oldrel-macos-x86_64