CRAN Package Check Results for Package stablelearner

Last updated on 2021-10-23 00:49:10 CEST.

Flavor Version Tinstall Tcheck Ttotal Status Flags
r-devel-linux-x86_64-debian-clang 0.1-3 10.53 144.34 154.87 OK
r-devel-linux-x86_64-debian-gcc 0.1-3 9.63 106.41 116.04 OK
r-devel-linux-x86_64-fedora-clang 0.1-3 189.31 NOTE
r-devel-linux-x86_64-fedora-gcc 0.1-3 182.16 NOTE
r-devel-windows-x86_64 0.1-3 24.00 131.00 155.00 OK
r-devel-windows-x86_64-gcc10-UCRT 0.1-3 NOTE
r-patched-linux-x86_64 0.1-3 17.49 138.57 156.06 OK
r-patched-solaris-x86 0.1-3 179.60 NOTE
r-release-linux-x86_64 0.1-3 11.15 137.06 148.21 OK
r-release-macos-arm64 0.1-3 NOTE
r-release-macos-x86_64 0.1-3 NOTE
r-release-windows-ix86+x86_64 0.1-3 17.00 176.00 193.00 OK
r-oldrel-macos-x86_64 0.1-3 NOTE
r-oldrel-windows-ix86+x86_64 0.1-3 25.00 181.00 206.00 OK

Check Details

Version: 0.1-3
Check: data for non-ASCII characters
Result: NOTE
     Note: found 123 marked UTF-8 strings
Flavors: r-devel-linux-x86_64-fedora-clang, r-devel-linux-x86_64-fedora-gcc, r-devel-windows-x86_64-gcc10-UCRT, r-patched-solaris-x86, r-release-macos-arm64, r-release-macos-x86_64, r-oldrel-macos-x86_64