CRAN Package Check Results for Package starm

Last updated on 2021-10-19 00:49:33 CEST.

Flavor Version Tinstall Tcheck Ttotal Status Flags
r-devel-linux-x86_64-debian-clang 0.1.0 4.10 45.98 50.08 OK
r-devel-linux-x86_64-debian-gcc 0.1.0 3.65 36.02 39.67 OK
r-devel-linux-x86_64-fedora-clang 0.1.0 70.66 NOTE
r-devel-linux-x86_64-fedora-gcc 0.1.0 59.80 NOTE
r-devel-windows-x86_64 0.1.0 7.00 67.00 74.00 OK
r-devel-windows-x86_64-gcc10-UCRT 0.1.0 NOTE
r-patched-linux-x86_64 0.1.0 4.25 34.14 38.39 OK
r-patched-solaris-x86 0.1.0 67.60 NOTE
r-release-linux-x86_64 0.1.0 3.57 34.18 37.75 OK
r-release-macos-arm64 0.1.0 NOTE
r-release-macos-x86_64 0.1.0 NOTE
r-release-windows-ix86+x86_64 0.1.0 6.00 51.00 57.00 OK
r-oldrel-macos-x86_64 0.1.0 NOTE
r-oldrel-windows-ix86+x86_64 0.1.0 9.00 66.00 75.00 OK

Check Details

Version: 0.1.0
Check: dependencies in R code
Result: NOTE
    Namespace in Imports field not imported from: ‘Matrix’
     All declared Imports should be used.
Flavors: r-devel-linux-x86_64-fedora-clang, r-devel-linux-x86_64-fedora-gcc, r-devel-windows-x86_64-gcc10-UCRT, r-patched-solaris-x86, r-release-macos-arm64, r-release-macos-x86_64, r-oldrel-macos-x86_64