CRAN Package Check Results for Package starma

Last updated on 2021-10-28 00:49:01 CEST.

Flavor Version Tinstall Tcheck Ttotal Status Flags
r-devel-linux-x86_64-debian-clang 1.3 50.94 72.99 123.93 OK
r-devel-linux-x86_64-debian-gcc 1.3 41.15 55.20 96.35 OK
r-devel-linux-x86_64-fedora-clang 1.3 178.61 NOTE
r-devel-linux-x86_64-fedora-gcc 1.3 157.71 NOTE
r-devel-windows-x86_64 1.3 69.00 86.00 155.00 OK
r-devel-windows-x86_64-gcc10-UCRT 1.3 OK
r-patched-linux-x86_64 1.3 48.23 69.25 117.48 OK
r-patched-solaris-x86 1.3 177.30 OK
r-release-linux-x86_64 1.3 42.75 68.97 111.72 OK
r-release-macos-arm64 1.3 OK
r-release-macos-x86_64 1.3 OK
r-release-windows-ix86+x86_64 1.3 92.00 171.00 263.00 OK
r-oldrel-macos-x86_64 1.3 OK
r-oldrel-windows-ix86+x86_64 1.3 94.00 159.00 253.00 OK

Check Details

Version: 1.3
Check: compiled code
Result: NOTE
    File ‘starma/libs/starma.so’:
     Found no calls to: ‘R_registerRoutines’, ‘R_useDynamicSymbols’
    
    It is good practice to register native routines and to disable symbol
    search.
    
    See ‘Writing portable packages’ in the ‘Writing R Extensions’ manual.
Flavors: r-devel-linux-x86_64-fedora-clang, r-devel-linux-x86_64-fedora-gcc