Last updated on 2023-03-20 00:54:42 CET.
Flavor | Version | Tinstall | Tcheck | Ttotal | Status | Flags |
---|---|---|---|---|---|---|
r-devel-linux-x86_64-debian-clang | 0.5.1 | NOTE | ||||
r-devel-linux-x86_64-debian-gcc | 0.5.1 | 3.19 | 67.19 | 70.38 | NOTE | |
r-devel-linux-x86_64-fedora-clang | 0.5.1 | 106.86 | NOTE | |||
r-devel-linux-x86_64-fedora-gcc | 0.5.1 | 107.59 | NOTE | |||
r-patched-linux-x86_64 | 0.5.1 | 3.69 | 84.99 | 88.68 | NOTE | |
r-release-linux-x86_64 | 0.5.1 | 3.97 | 85.19 | 89.16 | NOTE | |
r-release-macos-arm64 | 0.5.1 | 32.00 | NOTE | |||
r-release-macos-x86_64 | 0.5.1 | 61.00 | NOTE | |||
r-release-windows-x86_64 | 0.5.1 | 19.00 | 116.00 | 135.00 | NOTE | |
r-oldrel-macos-arm64 | 0.5.1 | 42.00 | NOTE | |||
r-oldrel-macos-x86_64 | 0.5.1 | 60.00 | NOTE | |||
r-oldrel-windows-ix86+x86_64 | 0.5.1 | 10.00 | 123.00 | 133.00 | NOTE |
Version: 0.5.1
Check: LazyData
Result: NOTE
'LazyData' is specified without a 'data' directory
Flavors: r-devel-linux-x86_64-debian-clang, r-devel-linux-x86_64-debian-gcc, r-devel-linux-x86_64-fedora-clang, r-devel-linux-x86_64-fedora-gcc, r-patched-linux-x86_64, r-release-linux-x86_64, r-release-macos-arm64, r-release-macos-x86_64, r-release-windows-x86_64, r-oldrel-macos-arm64, r-oldrel-macos-x86_64, r-oldrel-windows-ix86+x86_64