CRAN Package Check Results for Package stationaRy

Last updated on 2021-10-24 00:51:13 CEST.

Flavor Version Tinstall Tcheck Ttotal Status Flags
r-devel-linux-x86_64-debian-clang 0.5.1 4.02 68.64 72.66 NOTE
r-devel-linux-x86_64-debian-gcc 0.5.1 3.36 52.41 55.77 NOTE
r-devel-linux-x86_64-fedora-clang 0.5.1 96.63 NOTE
r-devel-linux-x86_64-fedora-gcc 0.5.1 84.48 NOTE
r-devel-windows-x86_64 0.5.1 7.00 62.00 69.00 NOTE
r-devel-windows-x86_64-gcc10-UCRT 0.5.1 NOTE
r-patched-linux-x86_64 0.5.1 4.24 67.45 71.69 NOTE
r-patched-solaris-x86 0.5.1 131.50 NOTE
r-release-linux-x86_64 0.5.1 3.71 68.02 71.73 NOTE
r-release-macos-arm64 0.5.1 NOTE
r-release-macos-x86_64 0.5.1 NOTE
r-release-windows-ix86+x86_64 0.5.1 6.00 99.00 105.00 NOTE
r-oldrel-macos-x86_64 0.5.1 OK
r-oldrel-windows-ix86+x86_64 0.5.1 8.00 95.00 103.00 OK

Check Details

Version: 0.5.1
Check: LazyData
Result: NOTE
     'LazyData' is specified without a 'data' directory
Flavors: r-devel-linux-x86_64-debian-clang, r-devel-linux-x86_64-debian-gcc, r-devel-linux-x86_64-fedora-clang, r-devel-linux-x86_64-fedora-gcc, r-devel-windows-x86_64, r-devel-windows-x86_64-gcc10-UCRT, r-patched-linux-x86_64, r-patched-solaris-x86, r-release-linux-x86_64, r-release-macos-arm64, r-release-macos-x86_64, r-release-windows-ix86+x86_64