CRAN Package Check Results for Package statnetWeb

Last updated on 2021-10-17 00:48:52 CEST.

Flavor Version Tinstall Tcheck Ttotal Status Flags
r-devel-linux-x86_64-debian-clang 0.5.6 10.23 83.75 93.98 NOTE
r-devel-linux-x86_64-debian-gcc 0.5.6 7.30 64.58 71.88 NOTE
r-devel-linux-x86_64-fedora-clang 0.5.6 123.99 NOTE
r-devel-linux-x86_64-fedora-gcc 0.5.6 106.87 NOTE
r-devel-windows-x86_64 0.5.6 10.00 77.00 87.00 NOTE
r-devel-windows-x86_64-gcc10-UCRT 0.5.6 NOTE
r-patched-linux-x86_64 0.5.6 7.96 78.93 86.89 NOTE
r-patched-solaris-x86 0.5.6 168.10 NOTE
r-release-linux-x86_64 0.5.6 8.83 78.59 87.42 NOTE
r-release-macos-arm64 0.5.6 NOTE
r-release-macos-x86_64 0.5.6 NOTE
r-release-windows-ix86+x86_64 0.5.6 23.00 100.00 123.00 NOTE
r-oldrel-macos-x86_64 0.5.6 OK
r-oldrel-windows-ix86+x86_64 0.5.6 23.00 104.00 127.00 OK

Check Details

Version: 0.5.6
Check: LazyData
Result: NOTE
     'LazyData' is specified without a 'data' directory
Flavors: r-devel-linux-x86_64-debian-clang, r-devel-linux-x86_64-debian-gcc, r-devel-linux-x86_64-fedora-clang, r-devel-linux-x86_64-fedora-gcc, r-devel-windows-x86_64, r-devel-windows-x86_64-gcc10-UCRT, r-patched-linux-x86_64, r-patched-solaris-x86, r-release-linux-x86_64, r-release-macos-arm64, r-release-macos-x86_64, r-release-windows-ix86+x86_64