CRAN Package Check Results for Package statnetWeb

Last updated on 2023-09-23 00:54:07 CEST.

Flavor Version Tinstall Tcheck Ttotal Status Flags
r-devel-linux-x86_64-debian-clang 0.5.6 12.39 103.44 115.83 NOTE
r-devel-linux-x86_64-debian-gcc 0.5.6 10.05 75.82 85.87 NOTE
r-devel-linux-x86_64-fedora-clang 0.5.6 138.40 NOTE
r-devel-linux-x86_64-fedora-gcc 0.5.6 132.12 NOTE
r-devel-windows-x86_64 0.5.6 12.00 86.00 98.00 NOTE
r-patched-linux-x86_64 0.5.6 10.74 95.27 106.01 NOTE
r-release-linux-x86_64 0.5.6 9.81 98.03 107.84 NOTE
r-release-macos-arm64 0.5.6 40.00 NOTE
r-release-macos-x86_64 0.5.6 68.00 NOTE
r-release-windows-x86_64 0.5.6 14.00 104.00 118.00 NOTE
r-oldrel-macos-arm64 0.5.6 38.00 NOTE
r-oldrel-macos-x86_64 0.5.6 76.00 NOTE
r-oldrel-windows-x86_64 0.5.6 16.00 106.00 122.00 NOTE

Check Details

Version: 0.5.6
Check: LazyData
Result: NOTE
     'LazyData' is specified without a 'data' directory
Flavors: r-devel-linux-x86_64-debian-clang, r-devel-linux-x86_64-debian-gcc, r-devel-linux-x86_64-fedora-clang, r-devel-linux-x86_64-fedora-gcc, r-devel-windows-x86_64, r-patched-linux-x86_64, r-release-linux-x86_64, r-release-macos-arm64, r-release-macos-x86_64, r-release-windows-x86_64, r-oldrel-macos-arm64, r-oldrel-macos-x86_64, r-oldrel-windows-x86_64