Last updated on 2025-01-20 00:48:34 CET.
Flavor | Version | Tinstall | Tcheck | Ttotal | Status | Flags |
---|---|---|---|---|---|---|
r-devel-linux-x86_64-debian-clang | 0.3.1 | 61.95 | 91.60 | 153.55 | OK | |
r-devel-linux-x86_64-debian-gcc | 0.3.1 | 44.00 | 65.74 | 109.74 | OK | |
r-devel-linux-x86_64-fedora-clang | 0.3.1 | 274.71 | OK | |||
r-devel-linux-x86_64-fedora-gcc | 0.3.1 | 270.15 | OK | |||
r-devel-windows-x86_64 | 0.3.1 | 64.00 | 112.00 | 176.00 | OK | |
r-patched-linux-x86_64 | 0.3.1 | 64.55 | 85.46 | 150.01 | OK | |
r-release-linux-x86_64 | 0.3.1 | 59.54 | 85.91 | 145.45 | OK | |
r-release-macos-arm64 | 0.3.1 | 58.00 | NOTE | |||
r-release-macos-x86_64 | 0.3.1 | 82.00 | NOTE | |||
r-release-windows-x86_64 | 0.3.1 | 69.00 | 114.00 | 183.00 | OK | |
r-oldrel-macos-arm64 | 0.3.1 | 70.00 | NOTE | |||
r-oldrel-macos-x86_64 | 0.3.1 | 140.00 | NOTE | |||
r-oldrel-windows-x86_64 | 0.3.1 | 75.00 | 140.00 | 215.00 | OK |
Version: 0.3.1
Check: installed package size
Result: NOTE
installed size is 6.9Mb
sub-directories of 1Mb or more:
data 2.3Mb
libs 4.3Mb
Flavors: r-release-macos-arm64, r-release-macos-x86_64, r-oldrel-macos-arm64, r-oldrel-macos-x86_64