Last updated on 2023-09-24 00:56:55 CEST.
Flavor | Version | Tinstall | Tcheck | Ttotal | Status | Flags |
---|---|---|---|---|---|---|
r-devel-linux-x86_64-debian-clang | 1.0.3 | 95.12 | 40.30 | 135.42 | NOTE | |
r-devel-linux-x86_64-debian-gcc | 1.0.3 | 60.36 | 28.78 | 89.14 | NOTE | |
r-devel-linux-x86_64-fedora-clang | 1.0.3 | 185.73 | NOTE | |||
r-devel-linux-x86_64-fedora-gcc | 1.0.3 | 201.42 | NOTE | |||
r-devel-windows-x86_64 | 1.0.3 | 75.00 | 69.00 | 144.00 | NOTE | |
r-patched-linux-x86_64 | 1.0.3 | 82.33 | 39.85 | 122.18 | NOTE | |
r-release-linux-x86_64 | 1.0.3 | 84.62 | 39.14 | 123.76 | NOTE | |
r-release-macos-arm64 | 1.0.3 | 52.00 | NOTE | |||
r-release-macos-x86_64 | 1.0.3 | 89.00 | NOTE | |||
r-release-windows-x86_64 | 1.0.3 | 98.00 | 76.00 | 174.00 | NOTE | |
r-oldrel-macos-arm64 | 1.0.3 | 53.00 | OK | |||
r-oldrel-macos-x86_64 | 1.0.3 | 63.00 | OK | |||
r-oldrel-windows-x86_64 | 1.0.3 | 84.00 | 71.00 | 155.00 | OK |
Version: 1.0.3
Check: C++ specification
Result: NOTE
Specified C++11: please drop specification unless essential
Flavors: r-devel-linux-x86_64-debian-clang, r-devel-linux-x86_64-debian-gcc, r-devel-linux-x86_64-fedora-clang, r-devel-linux-x86_64-fedora-gcc, r-devel-windows-x86_64, r-patched-linux-x86_64, r-release-linux-x86_64, r-release-macos-arm64, r-release-macos-x86_64, r-release-windows-x86_64