CRAN Package Check Results for Package stepwise

Last updated on 2018-04-23 00:47:14 CEST.

Flavor Version Tinstall Tcheck Ttotal Status Flags
r-devel-linux-x86_64-debian-clang 0.3 3.53 16.40 19.93 NOTE
r-devel-linux-x86_64-debian-gcc 0.3 2.45 14.94 17.39 NOTE
r-devel-linux-x86_64-fedora-clang 0.3 26.31 NOTE
r-devel-linux-x86_64-fedora-gcc 0.3 24.35 NOTE
r-devel-windows-ix86+x86_64 0.3 16.00 36.00 52.00 OK
r-devel-osx-x86_64 0.3 ERROR
r-patched-linux-x86_64 0.3 2.94 18.09 21.03 NOTE
r-patched-solaris-x86 0.3 43.00 OK
r-release-linux-x86_64 0.3 2.66 17.74 20.40 NOTE
r-release-windows-ix86+x86_64 0.3 13.00 32.00 45.00 OK
r-release-osx-x86_64 0.3 ERROR
r-oldrel-windows-ix86+x86_64 0.3 10.00 29.00 39.00 OK

Check Details

Version: 0.3
Check: compiled code
Result: NOTE
    File ‘stepwise/libs/stepwise.so’:
     Found no calls to: ‘R_registerRoutines’, ‘R_useDynamicSymbols’
    
    It is good practice to register native routines and to disable symbol
    search.
    
    See ‘Writing portable packages’ in the ‘Writing R Extensions’ manual.
Flavors: r-devel-linux-x86_64-debian-clang, r-devel-linux-x86_64-debian-gcc, r-devel-linux-x86_64-fedora-clang, r-devel-linux-x86_64-fedora-gcc, r-patched-linux-x86_64, r-release-linux-x86_64

Version: 0.3
Check: examples
Result: ERROR
    Running examples in ‘stepwise-Ex.R’ failed
    The error most likely occurred in:
    
    > ### Name: maxchi
    > ### Title: Stepwise detection of recombination breakpoints using MaxChi
    > ### Aliases: maxchi
    > ### Keywords: htest
    >
    > ### ** Examples
    > demo(maxchi)
    
    
     demo(maxchi)
     ---- ~~~~~~
    
    > inputFile<- system.file("extdata", "simulinfile.txt", package = "stepwise")
    
    > breaks<-c(531,616,810)
    
    > WinHalfWidth<-30
    
    > permReps<-10
    
    > a<-maxchi(inputFile, breaks, WinHalfWidth, permReps)
Flavors: r-devel-osx-x86_64, r-release-osx-x86_64