Last updated on 2023-12-06 00:58:29 CET.
Flavor | Version | Tinstall | Tcheck | Ttotal | Status | Flags |
---|---|---|---|---|---|---|
r-devel-linux-x86_64-debian-clang | 1.3.7 | 49.26 | 304.02 | 353.28 | OK | |
r-devel-linux-x86_64-debian-gcc | 1.3.7 | 37.11 | 219.18 | 256.29 | OK | |
r-devel-linux-x86_64-fedora-clang | 1.3.7 | 454.05 | OK | |||
r-devel-linux-x86_64-fedora-gcc | 1.3.7 | 455.58 | OK | |||
r-devel-windows-x86_64 | 1.3.7 | 43.00 | 288.00 | 331.00 | OK | |
r-patched-linux-x86_64 | 1.3.6.1 | 47.14 | 294.90 | 342.04 | OK | |
r-release-linux-x86_64 | 1.3.7 | 48.14 | 294.30 | 342.44 | OK | |
r-release-macos-arm64 | 1.3.7 | 141.00 | NOTE | |||
r-release-macos-x86_64 | 1.3.7 | 346.00 | NOTE | |||
r-release-windows-x86_64 | 1.3.7 | 55.00 | 349.00 | 404.00 | OK | |
r-oldrel-macos-arm64 | 1.3.7 | 140.00 | NOTE | |||
r-oldrel-macos-x86_64 | 1.3.6.1 | 191.00 | NOTE | |||
r-oldrel-windows-x86_64 | 1.3.7 | 43.00 | 254.00 | 297.00 | OK |
Version: 1.3.7
Check: installed package size
Result: NOTE
installed size is 5.3Mb
sub-directories of 1Mb or more:
data 1.7Mb
libs 2.4Mb
Flavors: r-release-macos-arm64, r-release-macos-x86_64, r-oldrel-macos-arm64
Version: 1.3.6.1
Check: installed package size
Result: NOTE
installed size is 5.3Mb
sub-directories of 1Mb or more:
data 1.7Mb
libs 2.5Mb
Flavor: r-oldrel-macos-x86_64