Last updated on 2023-06-10 00:54:59 CEST.
Flavor | Version | Tinstall | Tcheck | Ttotal | Status | Flags |
---|---|---|---|---|---|---|
r-devel-linux-x86_64-debian-clang | 1.3.6 | 54.40 | 316.68 | 371.08 | OK | |
r-devel-linux-x86_64-debian-gcc | 1.3.6 | 39.87 | 226.75 | 266.62 | OK | |
r-devel-linux-x86_64-fedora-clang | 1.3.6 | 477.96 | OK | |||
r-devel-linux-x86_64-fedora-gcc | 1.3.6 | 456.29 | OK | |||
r-devel-windows-x86_64 | 1.3.6 | 46.00 | 296.00 | 342.00 | OK | |
r-patched-linux-x86_64 | 1.3.6 | 51.51 | 299.76 | 351.27 | OK | |
r-release-linux-x86_64 | 1.3.6 | 43.83 | 294.40 | 338.23 | OK | |
r-release-macos-arm64 | 1.3.6 | 159.00 | NOTE | |||
r-release-macos-x86_64 | 1.3.6 | 257.00 | NOTE | |||
r-release-windows-x86_64 | 1.3.6 | 54.00 | 361.00 | 415.00 | OK | |
r-oldrel-macos-arm64 | 1.3.6 | 133.00 | NOTE | |||
r-oldrel-macos-x86_64 | 1.3.6 | 185.00 | NOTE | |||
r-oldrel-windows-x86_64 | 1.3.6 | 52.00 | 347.00 | 399.00 | OK |
Version: 1.3.6
Check: installed package size
Result: NOTE
installed size is 5.5Mb
sub-directories of 1Mb or more:
data 1.7Mb
libs 2.6Mb
Flavors: r-release-macos-arm64, r-release-macos-x86_64, r-oldrel-macos-arm64, r-oldrel-macos-x86_64