CRAN Package Check Results for Package stocks

Last updated on 2024-06-14 00:54:00 CEST.

Flavor Version Tinstall Tcheck Ttotal Status Flags
r-devel-linux-x86_64-debian-clang 1.1.4 80.98 170.85 251.83 OK
r-devel-linux-x86_64-debian-gcc 1.1.4 0.46 1.74 2.20 ERROR
r-devel-linux-x86_64-fedora-clang 1.1.4 328.72 OK
r-devel-linux-x86_64-fedora-gcc 1.1.4 309.58 OK
r-devel-windows-x86_64 1.1.4 56.00 158.00 214.00 OK
r-patched-linux-x86_64 1.1.4 53.43 163.79 217.22 OK
r-release-linux-x86_64 1.1.4 45.12 161.37 206.49 OK
r-release-macos-arm64 1.1.4 75.00 OK
r-release-macos-x86_64 1.1.4 154.00 OK
r-release-windows-x86_64 1.1.4 56.00 156.00 212.00 OK
r-oldrel-macos-arm64 1.1.4 88.00 OK
r-oldrel-macos-x86_64 1.1.4 144.00 OK
r-oldrel-windows-x86_64 1.1.4 72.00 196.00 268.00 OK

Check Details

Version: 1.1.4
Check: package dependencies
Result: ERROR Packages required but not available: 'dvmisc', 'Hmisc', 'lubridate' See section ‘The DESCRIPTION file’ in the ‘Writing R Extensions’ manual. Flavor: r-devel-linux-x86_64-debian-gcc