CRAN Package Check Results for Package stopwords

Last updated on 2021-10-21 00:50:02 CEST.

Flavor Version Tinstall Tcheck Ttotal Status Flags
r-devel-linux-x86_64-debian-clang 2.2 2.08 24.60 26.68 ERROR
r-devel-linux-x86_64-debian-gcc 2.2 1.80 19.52 21.32 ERROR
r-devel-linux-x86_64-fedora-clang 2.2 43.57 ERROR
r-devel-linux-x86_64-fedora-gcc 2.2 32.56 ERROR
r-devel-windows-x86_64 2.2 4.00 37.00 41.00 ERROR
r-devel-windows-x86_64-gcc10-UCRT 2.2 ERROR
r-patched-linux-x86_64 2.2 2.49 23.67 26.16 ERROR
r-patched-solaris-x86 2.2 50.40 ERROR
r-release-linux-x86_64 2.2 2.03 24.18 26.21 ERROR
r-release-macos-arm64 2.2 NOTE
r-release-macos-x86_64 2.2 NOTE
r-release-windows-ix86+x86_64 2.2 5.00 43.00 48.00 ERROR
r-oldrel-macos-x86_64 2.2 NOTE
r-oldrel-windows-ix86+x86_64 2.2 6.00 43.00 49.00 ERROR

Check Details

Version: 2.2
Check: tests
Result: ERROR
     Running 'lint.R' [2s/2s]
     Running 'spelling.R' [0s/1s]
     Running 'testthat.R' [1s/2s]
    Running the tests in 'tests/lint.R' failed.
    Complete output:
     > library("lintr")
     > library("testthat")
     >
     > context("lints")
     > test_that("Package Style", {
     + lintr::expect_lint_free()
     + })
     -- Error (???): Package Style --------------------------------------------------
     Error in `path.expand(path)`: invalid 'path' argument
     Backtrace:
     1. lintr::expect_lint_free()
     2. lintr::lint_package(...)
     3. base::normalizePath(path, mustWork = FALSE)
     4. base::path.expand(path)
    
     Error: Test failed
     Execution halted
Flavor: r-devel-linux-x86_64-debian-clang

Version: 2.2
Check: tests
Result: ERROR
     Running ‘lint.R’ [1s/2s]
     Running ‘spelling.R’ [0s/1s]
     Running ‘testthat.R’ [1s/2s]
    Running the tests in ‘tests/lint.R’ failed.
    Complete output:
     > library("lintr")
     > library("testthat")
     >
     > context("lints")
     > test_that("Package Style", {
     + lintr::expect_lint_free()
     + })
     ── Error (???): Package Style ──────────────────────────────────────────────────
     Error in `path.expand(path)`: invalid 'path' argument
     Backtrace:
     1. lintr::expect_lint_free()
     2. lintr::lint_package(...)
     3. base::normalizePath(path, mustWork = FALSE)
     4. base::path.expand(path)
    
     Error: Test failed
     Execution halted
Flavor: r-devel-linux-x86_64-debian-gcc

Version: 2.2
Check: data for non-ASCII characters
Result: NOTE
     Note: found 22474 marked UTF-8 strings
Flavors: r-devel-linux-x86_64-fedora-clang, r-devel-linux-x86_64-fedora-gcc, r-devel-windows-x86_64-gcc10-UCRT, r-patched-solaris-x86, r-release-macos-arm64, r-release-macos-x86_64, r-oldrel-macos-x86_64

Version: 2.2
Check: tests
Result: ERROR
     Running ‘lint.R’
     Running ‘spelling.R’
     Running ‘testthat.R’
    Running the tests in ‘tests/lint.R’ failed.
    Complete output:
     > library("lintr")
     > library("testthat")
     >
     > context("lints")
     > test_that("Package Style", {
     + lintr::expect_lint_free()
     + })
     ── Error (???): Package Style ──────────────────────────────────────────────────
     Error in `path.expand(path)`: invalid 'path' argument
     Backtrace:
     1. lintr::expect_lint_free()
     2. lintr::lint_package(...)
     3. base::normalizePath(path, mustWork = FALSE)
     4. base::path.expand(path)
    
     Error: Test failed
     Execution halted
Flavors: r-devel-linux-x86_64-fedora-clang, r-devel-linux-x86_64-fedora-gcc, r-patched-solaris-x86

Version: 2.2
Check: tests
Result: ERROR
     Running 'lint.R' [2s]
     Running 'spelling.R' [0s]
     Running 'testthat.R' [1s]
    Running the tests in 'tests/lint.R' failed.
    Complete output:
     > library("lintr")
     > library("testthat")
     >
     > context("lints")
     > test_that("Package Style", {
     + lintr::expect_lint_free()
     + })
     -- Error (???): Package Style --------------------------------------------------
     Error in `path.expand(path)`: invalid 'path' argument
     Backtrace:
     1. lintr::expect_lint_free()
     2. lintr::lint_package(...)
     3. base::normalizePath(path, mustWork = FALSE)
     4. base::path.expand(path)
    
     Error: Test failed
     Execution halted
Flavors: r-devel-windows-x86_64, r-oldrel-windows-ix86+x86_64

Version: 2.2
Check: tests
Result: ERROR
     Running 'lint.R'
    Running the tests in 'tests/lint.R' failed.
    Complete output:
     > library("lintr")
     > library("testthat")
     >
     > context("lints")
     > test_that("Package Style", {
     + lintr::expect_lint_free()
     + })
     ── Error (???): Package Style ──────────────────────────────────────────────────
     Error in `path.expand(path)`: invalid 'path' argument
     Backtrace:
     1. lintr::expect_lint_free()
     2. lintr::lint_package(...)
     3. base::normalizePath(path, mustWork = FALSE)
     4. base::path.expand(path)
    
     Error: Test failed
     Execution halted
Flavor: r-devel-windows-x86_64-gcc10-UCRT

Version: 2.2
Check: tests
Result: ERROR
     Running ‘lint.R’ [2s/2s]
     Running ‘spelling.R’ [0s/1s]
     Running ‘testthat.R’ [1s/2s]
    Running the tests in ‘tests/lint.R’ failed.
    Complete output:
     > library("lintr")
     > library("testthat")
     >
     > context("lints")
     > test_that("Package Style", {
     + lintr::expect_lint_free()
     + })
     ── Error (???): Package Style ──────────────────────────────────────────────────
     Error in `path.expand(path)`: invalid 'path' argument
     Backtrace:
     1. lintr::expect_lint_free()
     2. lintr::lint_package(...)
     3. base::normalizePath(path, mustWork = FALSE)
     4. base::path.expand(path)
    
     Error: Test failed
     Execution halted
Flavor: r-patched-linux-x86_64

Version: 2.2
Check: tests
Result: ERROR
     Running ‘lint.R’ [2s/2s]
     Running ‘spelling.R’ [0s/0s]
     Running ‘testthat.R’ [1s/2s]
    Running the tests in ‘tests/lint.R’ failed.
    Complete output:
     > library("lintr")
     > library("testthat")
     >
     > context("lints")
     > test_that("Package Style", {
     + lintr::expect_lint_free()
     + })
     ── Error (???): Package Style ──────────────────────────────────────────────────
     Error in `path.expand(path)`: invalid 'path' argument
     Backtrace:
     1. lintr::expect_lint_free()
     2. lintr::lint_package(...)
     3. base::normalizePath(path, mustWork = FALSE)
     4. base::path.expand(path)
    
     Error: Test failed
     Execution halted
Flavor: r-release-linux-x86_64

Version: 2.2
Check: tests
Result: ERROR
     Running 'lint.R' [2s]
     Running 'spelling.R' [0s]
     Running 'testthat.R' [2s]
    Running the tests in 'tests/lint.R' failed.
    Complete output:
     > library("lintr")
     > library("testthat")
     >
     > context("lints")
     > test_that("Package Style", {
     + lintr::expect_lint_free()
     + })
     -- Error (???): Package Style --------------------------------------------------
     Error in `path.expand(path)`: invalid 'path' argument
     Backtrace:
     1. lintr::expect_lint_free()
     2. lintr::lint_package(...)
     3. base::normalizePath(path, mustWork = FALSE)
     4. base::path.expand(path)
    
     Error: Test failed
     Execution halted
Flavor: r-release-windows-ix86+x86_64