Last updated on 2023-09-29 00:57:02 CEST.
Flavor | Version | Tinstall | Tcheck | Ttotal | Status | Flags |
---|---|---|---|---|---|---|
r-devel-linux-x86_64-debian-clang | 0.2.0 | 23.06 | 283.37 | 306.43 | OK | |
r-devel-linux-x86_64-debian-gcc | 0.2.0 | 19.07 | 207.66 | 226.73 | OK | |
r-devel-linux-x86_64-fedora-clang | 0.2.0 | 361.95 | NOTE | |||
r-devel-linux-x86_64-fedora-gcc | 0.2.0 | 368.74 | NOTE | |||
r-devel-windows-x86_64 | 0.2.0 | 18.00 | 213.00 | 231.00 | OK | |
r-patched-linux-x86_64 | 0.2.0 | 19.90 | 267.06 | 286.96 | OK | |
r-release-linux-x86_64 | 0.2.0 | 14.05 | 269.28 | 283.33 | OK | |
r-release-macos-arm64 | 0.2.0 | 112.00 | OK | |||
r-release-macos-x86_64 | 0.2.0 | 213.00 | OK | |||
r-release-windows-x86_64 | 0.2.0 | 26.00 | 280.00 | 306.00 | OK | |
r-oldrel-macos-arm64 | 0.2.0 | 85.00 | NOTE | |||
r-oldrel-macos-x86_64 | 0.2.0 | 167.00 | NOTE | |||
r-oldrel-windows-x86_64 | 0.2.0 | 24.00 | 262.00 | 286.00 | OK |
Version: 0.2.0
Check: data for non-ASCII characters
Result: NOTE
Note: found 1 marked UTF-8 string
Flavors: r-devel-linux-x86_64-fedora-clang, r-devel-linux-x86_64-fedora-gcc, r-oldrel-macos-arm64, r-oldrel-macos-x86_64