Last updated on 2023-06-05 00:55:37 CEST.
Flavor | Version | Tinstall | Tcheck | Ttotal | Status | Flags |
---|---|---|---|---|---|---|
r-devel-linux-x86_64-debian-clang | 2.0-1 | 159.52 | 210.18 | 369.70 | OK | |
r-devel-linux-x86_64-debian-gcc | 2.0-1 | 127.50 | 158.62 | 286.12 | OK | |
r-devel-linux-x86_64-fedora-clang | 2.0-1 | 543.79 | OK | |||
r-devel-linux-x86_64-fedora-gcc | 2.0-1 | 509.28 | OK | |||
r-devel-windows-x86_64 | 2.0-1 | 121.00 | 258.00 | 379.00 | OK | |
r-patched-linux-x86_64 | 2.0-1 | 133.90 | 196.79 | 330.69 | OK | |
r-release-linux-x86_64 | 2.0-1 | 139.75 | 199.17 | 338.92 | OK | |
r-release-macos-arm64 | 2.0-1 | 142.00 | NOTE | |||
r-release-macos-x86_64 | 2.0-1 | 245.00 | NOTE | |||
r-release-windows-x86_64 | 2.0-1 | 153.00 | 288.00 | 441.00 | OK | |
r-oldrel-macos-arm64 | 2.0-1 | 114.00 | NOTE | |||
r-oldrel-macos-x86_64 | 2.0-1 | 160.00 | NOTE | |||
r-oldrel-windows-x86_64 | 2.0-1 | 156.00 | 272.00 | 428.00 | OK |
Version: 2.0-1
Check: installed package size
Result: NOTE
installed size is 13.9Mb
sub-directories of 1Mb or more:
doc 1.7Mb
libs 10.9Mb
Flavors: r-release-macos-arm64, r-release-macos-x86_64, r-oldrel-macos-arm64, r-oldrel-macos-x86_64