Last updated on 2023-09-26 01:06:36 CEST.
Flavor | Version | Tinstall | Tcheck | Ttotal | Status | Flags |
---|---|---|---|---|---|---|
r-devel-linux-x86_64-debian-clang | 1.0.0 | 4.37 | 46.25 | 50.62 | NOTE | |
r-devel-linux-x86_64-debian-gcc | 1.0.0 | 3.88 | 35.90 | 39.78 | NOTE | |
r-devel-linux-x86_64-fedora-clang | 1.0.0 | 63.84 | NOTE | |||
r-devel-linux-x86_64-fedora-gcc | 1.0.0 | 62.53 | NOTE | |||
r-devel-windows-x86_64 | 1.0.0 | 5.00 | 57.00 | 62.00 | NOTE | |
r-patched-linux-x86_64 | 1.0.0 | 4.86 | 44.70 | 49.56 | NOTE | |
r-release-linux-x86_64 | 1.0.0 | 4.35 | 45.93 | 50.28 | NOTE | |
r-release-macos-arm64 | 1.0.0 | 25.00 | NOTE | |||
r-release-macos-x86_64 | 1.0.0 | 35.00 | NOTE | |||
r-release-windows-x86_64 | 1.0.0 | 6.00 | 63.00 | 69.00 | NOTE | |
r-oldrel-macos-arm64 | 1.0.0 | 23.00 | NOTE | |||
r-oldrel-macos-x86_64 | 1.0.0 | 32.00 | NOTE | |||
r-oldrel-windows-x86_64 | 1.0.0 | 7.00 | 65.00 | 72.00 | NOTE |
Version: 1.0.0
Check: DESCRIPTION meta-information
Result: NOTE
Malformed Title field: should not end in a period.
Flavors: r-devel-linux-x86_64-debian-clang, r-devel-linux-x86_64-debian-gcc, r-devel-linux-x86_64-fedora-clang, r-devel-linux-x86_64-fedora-gcc, r-devel-windows-x86_64, r-patched-linux-x86_64, r-release-linux-x86_64, r-release-macos-arm64, r-release-macos-x86_64, r-release-windows-x86_64, r-oldrel-macos-arm64, r-oldrel-macos-x86_64, r-oldrel-windows-x86_64