CRAN Package Check Results for Package studyStrap

Last updated on 2023-10-05 01:01:57 CEST.

Flavor Version Tinstall Tcheck Ttotal Status Flags
r-devel-linux-x86_64-debian-clang 1.0.0 21.13 198.40 219.53 NOTE
r-devel-linux-x86_64-debian-gcc 1.0.0 16.30 144.46 160.76 NOTE
r-devel-linux-x86_64-fedora-clang 1.0.0 257.40 NOTE
r-devel-linux-x86_64-fedora-gcc 1.0.0 268.47 NOTE
r-devel-windows-x86_64 1.0.0 18.00 152.00 170.00 NOTE
r-patched-linux-x86_64 1.0.0 21.04 187.80 208.84 NOTE
r-release-linux-x86_64 1.0.0 16.54 188.39 204.93 NOTE
r-release-macos-arm64 1.0.0 85.00 NOTE
r-release-macos-x86_64 1.0.0 140.00 NOTE
r-release-windows-x86_64 1.0.0 25.00 188.00 213.00 NOTE
r-oldrel-macos-arm64 1.0.0 86.00 NOTE
r-oldrel-macos-x86_64 1.0.0 148.00 NOTE
r-oldrel-windows-x86_64 1.0.0 27.00 188.00 215.00 NOTE

Check Details

Version: 1.0.0
Check: LazyData
Result: NOTE
     'LazyData' is specified without a 'data' directory
Flavors: r-devel-linux-x86_64-debian-clang, r-devel-linux-x86_64-debian-gcc, r-devel-linux-x86_64-fedora-clang, r-devel-linux-x86_64-fedora-gcc, r-devel-windows-x86_64, r-patched-linux-x86_64, r-release-linux-x86_64, r-release-macos-arm64, r-release-macos-x86_64, r-release-windows-x86_64, r-oldrel-macos-arm64, r-oldrel-macos-x86_64, r-oldrel-windows-x86_64

Version: 1.0.0
Check: dependencies in R code
Result: NOTE
    Namespaces in Imports field not imported from:
     ‘pls’ ‘tibble’
     All declared Imports should be used.
Flavors: r-devel-linux-x86_64-fedora-clang, r-devel-linux-x86_64-fedora-gcc, r-oldrel-macos-arm64, r-oldrel-macos-x86_64