Last updated on 2023-03-28 00:52:04 CEST.
Flavor | Version | Tinstall | Tcheck | Ttotal | Status | Flags |
---|---|---|---|---|---|---|
r-devel-linux-x86_64-debian-clang | 0.1.6 | 8.65 | 115.77 | 124.42 | OK | |
r-devel-linux-x86_64-debian-gcc | 0.1.6 | 6.79 | 84.97 | 91.76 | OK | |
r-devel-linux-x86_64-fedora-clang | 0.1.6 | 152.39 | OK | |||
r-devel-linux-x86_64-fedora-gcc | 0.1.6 | 204.28 | OK | |||
r-patched-linux-x86_64 | 0.1.6 | 6.76 | 108.26 | 115.02 | OK | |
r-release-linux-x86_64 | 0.1.6 | 5.41 | 109.63 | 115.04 | OK | |
r-release-macos-arm64 | 0.1.6 | 58.00 | OK | |||
r-release-macos-x86_64 | 0.1.6 | 71.00 | OK | |||
r-release-windows-x86_64 | 0.1.6 | 25.00 | 141.00 | 166.00 | OK | |
r-oldrel-macos-arm64 | 0.1.6 | 58.00 | OK | |||
r-oldrel-macos-x86_64 | 0.1.6 | 74.00 | OK | |||
r-oldrel-windows-ix86+x86_64 | 0.1.6 | 19.00 | 199.00 | 218.00 | NOTE |
Version: 0.1.6
Check: dependencies in R code
Result: NOTE
Initiating curl with CURL_SSL_BACKEND: openssl
Flavor: r-oldrel-windows-ix86+x86_64