CRAN Package Check Results for Package sugarbag

Last updated on 2021-10-22 00:50:42 CEST.

Flavor Version Tinstall Tcheck Ttotal Status Flags
r-devel-linux-x86_64-debian-clang 0.1.3 6.91 115.98 122.89 OK
r-devel-linux-x86_64-debian-gcc 0.1.3 5.52 86.03 91.55 OK
r-devel-linux-x86_64-fedora-clang 0.1.3 152.52 NOTE
r-devel-linux-x86_64-fedora-gcc 0.1.3 142.50 NOTE
r-devel-windows-x86_64 0.1.3 12.00 122.00 134.00 OK
r-devel-windows-x86_64-gcc10-UCRT 0.1.3 NOTE
r-patched-linux-x86_64 0.1.3 7.76 108.11 115.87 OK
r-patched-solaris-x86 0.1.3 163.10 NOTE
r-release-linux-x86_64 0.1.3 7.20 108.03 115.23 OK
r-release-macos-arm64 0.1.3 NOTE
r-release-macos-x86_64 0.1.3 NOTE
r-release-windows-ix86+x86_64 0.1.3 18.00 147.00 165.00 OK
r-oldrel-macos-x86_64 0.1.3 NOTE
r-oldrel-windows-ix86+x86_64 0.1.3 17.00 150.00 167.00 OK

Check Details

Version: 0.1.3
Check: dependencies in R code
Result: NOTE
    Namespaces in Imports field not imported from:
     ‘lwgeom’ ‘utf8’
     All declared Imports should be used.
Flavors: r-devel-linux-x86_64-fedora-clang, r-devel-linux-x86_64-fedora-gcc, r-devel-windows-x86_64-gcc10-UCRT, r-patched-solaris-x86, r-release-macos-arm64, r-release-macos-x86_64, r-oldrel-macos-x86_64