Last updated on 2023-03-30 00:52:08 CEST.
Flavor | Version | Tinstall | Tcheck | Ttotal | Status | Flags |
---|---|---|---|---|---|---|
r-devel-linux-x86_64-debian-clang | 1.0.1 | 15.50 | 129.99 | 145.49 | OK | |
r-devel-linux-x86_64-debian-gcc | 1.0.1 | 13.65 | 96.90 | 110.55 | OK | |
r-devel-linux-x86_64-fedora-clang | 1.0.1 | 186.52 | NOTE | |||
r-devel-linux-x86_64-fedora-gcc | 1.0.1 | 182.81 | NOTE | |||
r-patched-linux-x86_64 | 1.0.1 | 15.24 | 121.40 | 136.64 | OK | |
r-release-linux-x86_64 | 1.0.1 | 21.26 | 130.08 | 151.34 | OK | |
r-release-macos-arm64 | 1.0.1 | 72.00 | NOTE | |||
r-release-macos-x86_64 | 1.0.1 | 104.00 | NOTE | |||
r-release-windows-x86_64 | 1.0.1 | 80.00 | 159.00 | 239.00 | OK | |
r-oldrel-macos-arm64 | 1.0.1 | 74.00 | NOTE | |||
r-oldrel-macos-x86_64 | 1.0.1 | 103.00 | NOTE | |||
r-oldrel-windows-ix86+x86_64 | 1.0.1 | 33.00 | 155.00 | 188.00 | OK |
Version: 1.0.1
Check: data for non-ASCII characters
Result: NOTE
Note: found 78 marked UTF-8 strings
Flavors: r-devel-linux-x86_64-fedora-clang, r-devel-linux-x86_64-fedora-gcc, r-release-macos-arm64, r-release-macos-x86_64, r-oldrel-macos-arm64, r-oldrel-macos-x86_64