CRAN Package Check Results for Package survSNP

Last updated on 2024-06-14 00:54:01 CEST.

Flavor Version Tinstall Tcheck Ttotal Status Flags
r-devel-linux-x86_64-debian-clang 0.26 21.88 160.11 181.99 OK
r-devel-linux-x86_64-debian-gcc 0.26 15.93 123.84 139.77 OK
r-devel-linux-x86_64-fedora-clang 0.26 228.63 OK
r-devel-linux-x86_64-fedora-gcc 0.26 229.00 OK
r-devel-windows-x86_64 0.26 17.00 152.00 169.00 OK
r-patched-linux-x86_64 0.26 15.27 160.06 175.33 OK
r-release-linux-x86_64 0.26 15.17 152.16 167.33 OK
r-release-macos-arm64 0.26 73.00 OK
r-release-macos-x86_64 0.26 104.00 WARN
r-release-windows-x86_64 0.26 18.00 156.00 174.00 OK
r-oldrel-macos-arm64 0.26 74.00 OK
r-oldrel-macos-x86_64 0.26 123.00 OK
r-oldrel-windows-x86_64 0.26 23.00 183.00 206.00 OK

Check Details

Version: 0.26
Check: re-building of vignette outputs
Result: WARN Error(s) in re-building vignettes: ... --- re-building ‘survSNP.Rnw’ using knitr Error: processing vignette 'survSNP.Rnw' failed with diagnostics: Running 'texi2dvi' on 'survSNP.tex' failed. LaTeX errors: ! Undefined control sequence. l.76 \hlkwd{library}\hldef {(survSNP)} ? ! Emergency stop. ! Emergency stop. l.76 End of file on the terminal! ! ==> Fatal error occurred, no output PDF file produced! --- failed re-building ‘survSNP.Rnw’ SUMMARY: processing the following file failed: ‘survSNP.Rnw’ Error: Vignette re-building failed. Execution halted Flavor: r-release-macos-x86_64