Last updated on 2023-09-22 00:53:31 CEST.
Flavor | Version | Tinstall | Tcheck | Ttotal | Status | Flags |
---|---|---|---|---|---|---|
r-devel-linux-x86_64-debian-clang | 1.21.1 | 75.23 | 560.53 | 635.76 | NOTE | |
r-devel-linux-x86_64-debian-gcc | 1.21.1 | 58.98 | 413.20 | 472.18 | NOTE | |
r-devel-linux-x86_64-fedora-clang | 1.21.1 | 794.26 | NOTE | |||
r-devel-linux-x86_64-fedora-gcc | 1.21.1 | 701.29 | NOTE | |||
r-devel-windows-x86_64 | 1.21.1 | 62.00 | 319.00 | 381.00 | NOTE | --no-vignettes |
r-patched-linux-x86_64 | 1.21.1 | 92.94 | 539.92 | 632.86 | NOTE | |
r-release-linux-x86_64 | 1.21.1 | 70.66 | 544.91 | 615.57 | NOTE | |
r-release-macos-arm64 | 1.21.1 | 252.00 | NOTE | |||
r-release-macos-x86_64 | 1.21.1 | 626.00 | NOTE | |||
r-release-windows-x86_64 | 1.21.1 | 83.00 | 373.00 | 456.00 | NOTE | --no-vignettes |
r-oldrel-macos-arm64 | 1.21.1 | 235.00 | NOTE | |||
r-oldrel-macos-x86_64 | 1.21.1 | 282.00 | NOTE | |||
r-oldrel-windows-x86_64 | 1.21.1 | 76.00 | 334.00 | 410.00 | NOTE | --no-vignettes |
Version: 1.21.1
Check: package dependencies
Result: NOTE
Packages suggested but not available for checking: 'INLA', 'gpclib'
Flavors: r-devel-linux-x86_64-debian-clang, r-devel-linux-x86_64-debian-gcc, r-patched-linux-x86_64, r-release-linux-x86_64
Version: 1.21.1
Check: package dependencies
Result: NOTE
Package suggested but not available for checking: ‘gpclib’
Flavors: r-devel-linux-x86_64-fedora-clang, r-devel-linux-x86_64-fedora-gcc
Version: 1.21.1
Check: installed package size
Result: NOTE
installed size is 6.8Mb
sub-directories of 1Mb or more:
R 1.7Mb
doc 2.2Mb
help 1.0Mb
Flavors: r-devel-linux-x86_64-fedora-clang, r-release-macos-arm64, r-release-macos-x86_64, r-oldrel-macos-arm64, r-oldrel-macos-x86_64
Version: 1.21.1
Flags: --no-vignettes
Check: package dependencies
Result: NOTE
Packages suggested but not available for checking: 'INLA', 'gpclib'
Flavors: r-devel-windows-x86_64, r-release-windows-x86_64, r-oldrel-windows-x86_64
Version: 1.21.1
Flags: --no-vignettes
Check: installed package size
Result: NOTE
installed size is 7.5Mb
sub-directories of 1Mb or more:
R 1.7Mb
doc 2.2Mb
libs 1.1Mb
Flavors: r-devel-windows-x86_64, r-release-windows-x86_64, r-oldrel-windows-x86_64
Version: 1.21.1
Check: package dependencies
Result: NOTE
Packages suggested but not available for checking: 'INLA', 'sf'
Flavors: r-release-macos-arm64, r-oldrel-macos-arm64
Version: 1.21.1
Check: package dependencies
Result: NOTE
Package suggested but not available for checking: ‘INLA’
Flavors: r-release-macos-x86_64, r-oldrel-macos-x86_64