CRAN Package Check Results for Package surveillance

Last updated on 2021-10-19 00:49:33 CEST.

Flavor Version Tinstall Tcheck Ttotal Status Flags
r-devel-linux-x86_64-debian-clang 1.19.1 67.99 559.18 627.17 NOTE
r-devel-linux-x86_64-debian-gcc 1.19.1 53.72 412.21 465.93 NOTE
r-devel-linux-x86_64-fedora-clang 1.19.1 764.79 NOTE
r-devel-linux-x86_64-fedora-gcc 1.19.1 750.74 OK
r-devel-windows-x86_64 1.19.1 98.00 368.00 466.00 NOTE --no-vignettes
r-devel-windows-x86_64-gcc10-UCRT 1.19.1 NOTE
r-patched-linux-x86_64 1.19.1 72.67 554.34 627.01 NOTE
r-patched-solaris-x86 1.19.1 922.20 NOTE
r-release-linux-x86_64 1.19.1 62.96 554.05 617.01 NOTE
r-release-macos-arm64 1.19.1 NOTE
r-release-macos-x86_64 1.19.1 NOTE
r-release-windows-ix86+x86_64 1.19.1 139.00 739.00 878.00 NOTE --no-vignettes
r-oldrel-macos-x86_64 1.19.1 NOTE
r-oldrel-windows-ix86+x86_64 1.19.1 141.00 673.00 814.00 NOTE --no-vignettes

Check Details

Version: 1.19.1
Check: package dependencies
Result: NOTE
    Package suggested but not available for checking: 'INLA'
Flavors: r-devel-linux-x86_64-debian-clang, r-devel-linux-x86_64-debian-gcc, r-devel-windows-x86_64-gcc10-UCRT, r-patched-linux-x86_64, r-patched-solaris-x86, r-release-linux-x86_64, r-release-macos-x86_64, r-oldrel-macos-x86_64

Version: 1.19.1
Check: installed package size
Result: NOTE
     installed size is 8.1Mb
     sub-directories of 1Mb or more:
     R 1.7Mb
     doc 2.4Mb
     libs 1.5Mb
Flavors: r-devel-linux-x86_64-fedora-clang, r-patched-solaris-x86, r-release-macos-arm64, r-release-macos-x86_64, r-oldrel-macos-x86_64

Version: 1.19.1
Flags: --no-vignettes
Check: installed package size
Result: NOTE
     installed size is 7.6Mb
     sub-directories of 1Mb or more:
     R 1.7Mb
     doc 2.4Mb
     libs 1.0Mb
Flavors: r-devel-windows-x86_64, r-release-windows-ix86+x86_64, r-oldrel-windows-ix86+x86_64

Version: 1.19.1
Check: package dependencies
Result: NOTE
    Packages suggested but not available for checking: 'INLA', 'runjags'
Flavor: r-release-macos-arm64

Version: 1.19.1
Check: Rd cross-references
Result: NOTE
    Package unavailable to check Rd xrefs: ‘runjags’
Flavor: r-release-macos-arm64