CRAN Package Check Results for Package surveybootstrap

Last updated on 2024-06-13 00:55:34 CEST.

Flavor Version Tinstall Tcheck Ttotal Status Flags
r-devel-linux-x86_64-debian-clang 0.0.3 36.33 99.15 135.48 OK
r-devel-linux-x86_64-debian-gcc 0.0.3 0.37 1.69 2.06 ERROR
r-devel-linux-x86_64-fedora-clang 0.0.3 185.99 OK
r-devel-linux-x86_64-fedora-gcc 0.0.3 177.54 OK
r-devel-windows-x86_64 0.0.3 31.00 101.00 132.00 OK
r-patched-linux-x86_64 0.0.3 35.62 95.99 131.61 OK
r-release-linux-x86_64 0.0.3 33.50 95.50 129.00 OK
r-release-macos-arm64 0.0.3 40.00 OK
r-release-macos-x86_64 0.0.3 64.00 OK
r-release-windows-x86_64 0.0.3 32.00 105.00 137.00 OK
r-oldrel-macos-arm64 0.0.3 47.00 OK
r-oldrel-macos-x86_64 0.0.3 76.00 OK
r-oldrel-windows-x86_64 0.0.3 39.00 125.00 164.00 OK

Check Details

Version: 0.0.3
Check: package dependencies
Result: ERROR Packages required but not available: 'stringr', 'dplyr', 'purrr' Package suggested but not available for checking: ‘testthat’ See section ‘The DESCRIPTION file’ in the ‘Writing R Extensions’ manual. Flavor: r-devel-linux-x86_64-debian-gcc