Last updated on 2023-03-30 00:52:08 CEST.
Flavor | Version | Tinstall | Tcheck | Ttotal | Status | Flags |
---|---|---|---|---|---|---|
r-devel-linux-x86_64-debian-clang | 1.0.5 | 170.69 | 196.99 | 367.68 | NOTE | |
r-devel-linux-x86_64-debian-gcc | 1.0.5 | 126.81 | 141.09 | 267.90 | NOTE | |
r-devel-linux-x86_64-fedora-clang | 1.0.5 | 476.96 | NOTE | |||
r-devel-linux-x86_64-fedora-gcc | 1.0.5 | 397.51 | NOTE | |||
r-patched-linux-x86_64 | 1.0.5 | 134.22 | 184.71 | 318.93 | NOTE | |
r-release-linux-x86_64 | 1.0.5 | 104.23 | 183.49 | 287.72 | NOTE | |
r-release-macos-arm64 | 1.0.5 | 124.00 | NOTE | |||
r-release-macos-x86_64 | 1.0.5 | 152.00 | NOTE | |||
r-release-windows-x86_64 | 1.0.5 | 229.00 | 241.00 | 470.00 | NOTE | |
r-oldrel-macos-arm64 | 1.0.5 | 110.00 | NOTE | |||
r-oldrel-macos-x86_64 | 1.0.5 | 152.00 | NOTE | |||
r-oldrel-windows-ix86+x86_64 | 1.0.5 | 400.00 | 347.00 | 747.00 | NOTE |
Version: 1.0.5
Check: package dependencies
Result: NOTE
Package suggested but not available for checking: ‘gurobi’
Flavors: r-devel-linux-x86_64-debian-clang, r-devel-linux-x86_64-debian-gcc, r-devel-linux-x86_64-fedora-clang, r-devel-linux-x86_64-fedora-gcc, r-patched-linux-x86_64, r-release-linux-x86_64, r-release-macos-arm64, r-release-macos-x86_64, r-release-windows-x86_64, r-oldrel-macos-arm64, r-oldrel-macos-x86_64, r-oldrel-windows-ix86+x86_64
Version: 1.0.5
Check: C++ specification
Result: NOTE
Specified C++11: please drop specification unless essential
Flavors: r-devel-linux-x86_64-debian-clang, r-devel-linux-x86_64-debian-gcc, r-devel-linux-x86_64-fedora-clang, r-devel-linux-x86_64-fedora-gcc, r-patched-linux-x86_64
Version: 1.0.5
Check: installed package size
Result: NOTE
installed size is 10.6Mb
sub-directories of 1Mb or more:
libs 9.5Mb
Flavors: r-release-macos-arm64, r-release-macos-x86_64, r-oldrel-macos-arm64, r-oldrel-macos-x86_64