CRAN Package Check Results for Package survivalAnalysis

Last updated on 2024-06-13 00:55:34 CEST.

Flavor Version Tinstall Tcheck Ttotal Status Flags
r-devel-linux-x86_64-debian-clang 0.3.0 14.28 159.55 173.83 OK
r-devel-linux-x86_64-debian-gcc 0.3.0 0.41 1.88 2.29 ERROR
r-devel-linux-x86_64-fedora-clang 0.3.0 217.02 OK
r-devel-linux-x86_64-fedora-gcc 0.3.0 222.24 OK
r-devel-windows-x86_64 0.3.0 13.00 130.00 143.00 OK
r-patched-linux-x86_64 0.3.0 20.11 151.31 171.42 OK
r-release-linux-x86_64 0.3.0 14.75 152.56 167.31 OK
r-release-macos-arm64 0.3.0 69.00 OK
r-release-macos-x86_64 0.3.0 97.00 OK
r-release-windows-x86_64 0.3.0 13.00 142.00 155.00 OK
r-oldrel-macos-arm64 0.3.0 73.00 OK
r-oldrel-macos-x86_64 0.3.0 114.00 OK
r-oldrel-windows-x86_64 0.3.0 18.00 156.00 174.00 OK

Check Details

Version: 0.3.0
Check: package dependencies
Result: ERROR Packages required but not available: 'dplyr', 'forcats', 'purrr', 'stringr', 'tibble', 'tidyr', 'ggplot2', 'survminer', 'cowplot', 'tidytidbits' Package suggested but not available for checking: ‘tidyverse’ See section ‘The DESCRIPTION file’ in the ‘Writing R Extensions’ manual. Flavor: r-devel-linux-x86_64-debian-gcc