CRAN Package Check Results for Package survminer

Last updated on 2021-10-19 00:49:33 CEST.

Flavor Version Tinstall Tcheck Ttotal Status Flags
r-devel-linux-x86_64-debian-clang 0.4.9 17.87 224.58 242.45 OK
r-devel-linux-x86_64-debian-gcc 0.4.9 13.53 161.99 175.52 OK
r-devel-linux-x86_64-fedora-clang 0.4.9 289.85 NOTE
r-devel-linux-x86_64-fedora-gcc 0.4.9 271.22 OK
r-devel-windows-x86_64 0.4.9 25.00 234.00 259.00 NOTE
r-devel-windows-x86_64-gcc10-UCRT 0.4.9 OK
r-patched-linux-x86_64 0.4.9 22.80 221.42 244.22 OK
r-patched-solaris-x86 0.4.9 371.90 NOTE
r-release-linux-x86_64 0.4.9 16.48 224.07 240.55 OK
r-release-macos-arm64 0.4.9 NOTE
r-release-macos-x86_64 0.4.9 NOTE
r-release-windows-ix86+x86_64 0.4.9 34.00 284.00 318.00 NOTE
r-oldrel-macos-x86_64 0.4.9 NOTE
r-oldrel-windows-ix86+x86_64 0.4.9 40.00 286.00 326.00 NOTE

Check Details

Version: 0.4.9
Check: installed package size
Result: NOTE
     installed size is 6.0Mb
     sub-directories of 1Mb or more:
     doc 5.5Mb
Flavors: r-devel-linux-x86_64-fedora-clang, r-devel-windows-x86_64, r-patched-solaris-x86, r-release-macos-arm64, r-release-macos-x86_64, r-release-windows-ix86+x86_64, r-oldrel-macos-x86_64, r-oldrel-windows-ix86+x86_64