Last updated on 2023-06-03 00:57:22 CEST.
Flavor | Version | Tinstall | Tcheck | Ttotal | Status | Flags |
---|---|---|---|---|---|---|
r-devel-linux-x86_64-debian-clang | 1.0.4 | 3.07 | 30.41 | 33.48 | OK | |
r-devel-linux-x86_64-debian-gcc | 1.0.4 | 2.34 | 23.48 | 25.82 | OK | |
r-devel-linux-x86_64-fedora-clang | 1.0.4 | 42.63 | OK | |||
r-devel-linux-x86_64-fedora-gcc | 1.0.4 | 50.37 | OK | |||
r-devel-windows-x86_64 | 1.0.4 | 4.00 | 47.00 | 51.00 | OK | |
r-patched-linux-x86_64 | 1.0.4 | OK | ||||
r-release-linux-x86_64 | 1.0.4 | 2.77 | 29.05 | 31.82 | OK | |
r-release-macos-arm64 | 1.0.4 | 24.00 | OK | |||
r-release-macos-x86_64 | 1.0.4 | 34.00 | OK | |||
r-release-windows-x86_64 | 1.0.4 | 4.00 | 47.00 | 51.00 | ERROR | |
r-oldrel-macos-arm64 | 1.0.4 | 17.00 | OK | |||
r-oldrel-macos-x86_64 | 1.0.4 | 31.00 | OK | |||
r-oldrel-windows-x86_64 | 1.0.4 | 4.00 | 52.00 | 56.00 | OK |
Version: 1.0.4
Check: re-building of vignette outputs
Result: ERROR
Error(s) in re-building vignettes:
--- re-building 'svHttp.Rmd' using rmarkdown
--- finished re-building 'svHttp.Rmd'
Flavor: r-release-windows-x86_64