CRAN Package Check Results for Package svmplus

Last updated on 2021-10-19 00:49:33 CEST.

Flavor Version Tinstall Tcheck Ttotal Status Flags
r-devel-linux-x86_64-debian-clang 1.0.1 7.70 61.26 68.96 NOTE
r-devel-linux-x86_64-debian-gcc 1.0.1 6.45 47.33 53.78 NOTE
r-devel-linux-x86_64-fedora-clang 1.0.1 95.15 NOTE
r-devel-linux-x86_64-fedora-gcc 1.0.1 81.31 NOTE
r-devel-windows-x86_64 1.0.1 12.00 68.00 80.00 NOTE
r-devel-windows-x86_64-gcc10-UCRT 1.0.1 NOTE
r-patched-linux-x86_64 1.0.1 6.65 58.55 65.20 NOTE
r-patched-solaris-x86 1.0.1 127.90 NOTE
r-release-linux-x86_64 1.0.1 7.85 58.97 66.82 NOTE
r-release-macos-arm64 1.0.1 NOTE
r-release-macos-x86_64 1.0.1 NOTE
r-release-windows-ix86+x86_64 1.0.1 11.00 85.00 96.00 NOTE
r-oldrel-macos-x86_64 1.0.1 OK
r-oldrel-windows-ix86+x86_64 1.0.1 18.00 83.00 101.00 OK

Check Details

Version: 1.0.1
Check: LazyData
Result: NOTE
     'LazyData' is specified without a 'data' directory
Flavors: r-devel-linux-x86_64-debian-clang, r-devel-linux-x86_64-debian-gcc, r-devel-linux-x86_64-fedora-clang, r-devel-linux-x86_64-fedora-gcc, r-devel-windows-x86_64, r-devel-windows-x86_64-gcc10-UCRT, r-patched-linux-x86_64, r-patched-solaris-x86, r-release-linux-x86_64, r-release-macos-arm64, r-release-macos-x86_64, r-release-windows-ix86+x86_64