CRAN Package Check Results for Package swCRTdesign

Last updated on 2024-04-23 01:06:35 CEST.

Flavor Version Tinstall Tcheck Ttotal Status Flags
r-devel-linux-x86_64-debian-clang 4.0 11.95 110.95 122.90 NOTE
r-devel-linux-x86_64-debian-gcc 4.0 12.22 80.13 92.35 NOTE
r-devel-linux-x86_64-fedora-clang 4.0 157.26 NOTE
r-devel-linux-x86_64-fedora-gcc 4.0 150.34 NOTE
r-prerel-macos-arm64 4.0 38.00 NOTE
r-prerel-windows-x86_64 4.0 12.00 91.00 103.00 NOTE
r-patched-linux-x86_64 4.0 13.53 105.75 119.28 NOTE
r-release-linux-x86_64 4.0 13.68 103.14 116.82 OK
r-release-macos-arm64 4.0 48.00 OK
r-release-macos-x86_64 4.0 127.00 OK
r-release-windows-x86_64 4.0 16.00 110.00 126.00 OK
r-oldrel-macos-arm64 4.0 49.00 OK
r-oldrel-windows-x86_64 4.0 17.00 110.00 127.00 OK

Check Details

Version: 4.0
Check: Rd files
Result: NOTE checkRd: (-1) swDsn.Rd:28: Lost braces 28 | numeric (scalar or vector): Relative treatment effect upon crossing over from control. Note that this is not the treatment effect (the treatment effect is specified in the call to other functions such as \code{swPwr} or \code{swSim})! If \code{tx.effect.frac} is set to a scalar with value of 1, the standard SW CRT treatment effect will be presumed. If code{tx.effect.frac} is set to a scalar with a fractional value between 0 and 1, then only the first time point upon crossing over from control will have fractional relative treatment effect; the remaining exposure times will have a relative treatment effect of 1. If a vector of fractional treatment effect is specified, each element of the vector corresponds to the (fractional) treatment effect upon crossing over from control; if the length of the vector is less than total number of exposure times, the remaining time points will have a relative treatment effect value of 1; if the length of the vector is greater than total number of time points after crossing over, not all elements of \code{tx.effect.frac} will be used. The default value is (scalar) 1. | ^ Flavors: r-devel-linux-x86_64-debian-clang, r-devel-linux-x86_64-debian-gcc, r-devel-linux-x86_64-fedora-clang, r-devel-linux-x86_64-fedora-gcc, r-prerel-macos-arm64, r-prerel-windows-x86_64, r-patched-linux-x86_64