CRAN Package Check Results for Package swfscAirDAS

Last updated on 2021-10-24 00:51:14 CEST.

Flavor Version Tinstall Tcheck Ttotal Status Flags
r-devel-linux-x86_64-debian-clang 0.2.2 9.99 97.78 107.77 NOTE
r-devel-linux-x86_64-debian-gcc 0.2.2 8.38 74.52 82.90 NOTE
r-devel-linux-x86_64-fedora-clang 0.2.2 143.27 NOTE
r-devel-linux-x86_64-fedora-gcc 0.2.2 128.83 NOTE
r-devel-windows-x86_64 0.2.2 16.00 117.00 133.00 NOTE
r-devel-windows-x86_64-gcc10-UCRT 0.2.2 NOTE
r-patched-linux-x86_64 0.2.2 10.29 93.22 103.51 NOTE
r-patched-solaris-x86 0.2.2 176.90 NOTE
r-release-linux-x86_64 0.2.2 9.85 92.73 102.58 NOTE
r-release-macos-arm64 0.2.2 NOTE
r-release-macos-x86_64 0.2.2 NOTE
r-release-windows-ix86+x86_64 0.2.2 16.00 117.00 133.00 NOTE
r-oldrel-macos-x86_64 0.2.2 OK
r-oldrel-windows-ix86+x86_64 0.2.2 23.00 121.00 144.00 OK

Check Details

Version: 0.2.2
Check: LazyData
Result: NOTE
     'LazyData' is specified without a 'data' directory
Flavors: r-devel-linux-x86_64-debian-clang, r-devel-linux-x86_64-debian-gcc, r-devel-linux-x86_64-fedora-clang, r-devel-linux-x86_64-fedora-gcc, r-devel-windows-x86_64, r-devel-windows-x86_64-gcc10-UCRT, r-patched-linux-x86_64, r-patched-solaris-x86, r-release-linux-x86_64, r-release-macos-arm64, r-release-macos-x86_64, r-release-windows-ix86+x86_64