CRAN Package Check Results for Package swirl

Last updated on 2023-09-23 00:54:08 CEST.

Flavor Version Tinstall Tcheck Ttotal Status Flags
r-devel-linux-x86_64-debian-clang 2.4.5 7.99 61.69 69.68 NOTE
r-devel-linux-x86_64-debian-gcc 2.4.5 6.35 46.90 53.25 NOTE
r-devel-linux-x86_64-fedora-clang 2.4.5 85.90 NOTE
r-devel-linux-x86_64-fedora-gcc 2.4.5 85.21 NOTE
r-devel-windows-x86_64 2.4.5 11.00 87.00 98.00 NOTE
r-patched-linux-x86_64 2.4.5 8.23 59.61 67.84 NOTE
r-release-linux-x86_64 2.4.5 5.32 60.20 65.52 NOTE
r-release-macos-arm64 2.4.5 31.00 NOTE
r-release-macos-x86_64 2.4.5 50.00 NOTE
r-release-windows-x86_64 2.4.5 10.00 87.00 97.00 NOTE
r-oldrel-macos-arm64 2.4.5 27.00 NOTE
r-oldrel-macos-x86_64 2.4.5 47.00 NOTE
r-oldrel-windows-x86_64 2.4.5 11.00 86.00 97.00 NOTE

Check Details

Version: 2.4.5
Check: LazyData
Result: NOTE
     'LazyData' is specified without a 'data' directory
Flavors: r-devel-linux-x86_64-debian-clang, r-devel-linux-x86_64-debian-gcc, r-devel-linux-x86_64-fedora-clang, r-devel-linux-x86_64-fedora-gcc, r-devel-windows-x86_64, r-patched-linux-x86_64, r-release-linux-x86_64, r-release-macos-arm64, r-release-macos-x86_64, r-release-windows-x86_64, r-oldrel-macos-arm64, r-oldrel-macos-x86_64, r-oldrel-windows-x86_64