Last updated on 2023-09-27 00:10:21 CEST.
Flavor | Version | Tinstall | Tcheck | Ttotal | Status | Flags |
---|---|---|---|---|---|---|
r-devel-linux-x86_64-debian-clang | 3.4.2 | 3.55 | 27.01 | 30.56 | OK | |
r-devel-linux-x86_64-debian-gcc | 3.4.2 | 2.01 | 20.76 | 22.77 | OK | |
r-devel-linux-x86_64-fedora-clang | 3.4.2 | 36.99 | OK | |||
r-devel-linux-x86_64-fedora-gcc | 3.4.2 | 36.59 | OK | |||
r-devel-windows-x86_64 | 3.4.2 | 17.00 | 55.00 | 72.00 | NOTE | |
r-patched-linux-x86_64 | 3.4.2 | 3.08 | 25.47 | 28.55 | OK | |
r-release-linux-x86_64 | 3.4.2 | 2.45 | 25.98 | 28.43 | OK | |
r-release-macos-arm64 | 3.4.2 | 36.00 | OK | |||
r-release-macos-x86_64 | 3.4.2 | 53.00 | OK | |||
r-release-windows-x86_64 | 3.4.2 | 11.00 | 54.00 | 65.00 | NOTE | |
r-oldrel-macos-arm64 | 3.4.2 | 43.00 | OK | |||
r-oldrel-macos-x86_64 | 3.4.2 | 53.00 | OK | |||
r-oldrel-windows-x86_64 | 3.4.2 | 13.00 | 58.00 | 71.00 | NOTE |
Version: 3.4.2
Check: package dependencies
Result: NOTE
Package suggested but not available for checking: 'unix'
Flavors: r-devel-windows-x86_64, r-release-windows-x86_64, r-oldrel-windows-x86_64