CRAN Package Check Results for Package sysid

Last updated on 2021-10-20 00:49:57 CEST.

Flavor Version Tinstall Tcheck Ttotal Status Flags
r-devel-linux-x86_64-debian-clang 1.0.4 7.54 73.75 81.29 NOTE
r-devel-linux-x86_64-debian-gcc 1.0.4 5.95 54.18 60.13 NOTE
r-devel-linux-x86_64-fedora-clang 1.0.4 106.86 NOTE
r-devel-linux-x86_64-fedora-gcc 1.0.4 93.72 NOTE
r-devel-windows-x86_64 1.0.4 13.00 84.00 97.00 OK
r-devel-windows-x86_64-gcc10-UCRT 1.0.4 OK
r-patched-linux-x86_64 1.0.4 8.56 68.17 76.73 NOTE
r-patched-solaris-x86 1.0.4 138.60 NOTE
r-release-linux-x86_64 1.0.4 7.21 68.87 76.08 NOTE
r-release-macos-arm64 1.0.4 OK
r-release-macos-x86_64 1.0.4 OK
r-release-windows-ix86+x86_64 1.0.4 17.00 102.00 119.00 OK
r-oldrel-macos-x86_64 1.0.4 OK
r-oldrel-windows-ix86+x86_64 1.0.4 19.00 101.00 120.00 OK

Check Details

Version: 1.0.4
Check: for non-standard things in the check directory
Result: NOTE
    Found the following files/directories:
     'test.csv'
Flavors: r-devel-linux-x86_64-debian-clang, r-devel-linux-x86_64-debian-gcc, r-devel-linux-x86_64-fedora-clang, r-devel-linux-x86_64-fedora-gcc, r-patched-linux-x86_64, r-patched-solaris-x86, r-release-linux-x86_64