Last updated on 2025-01-21 00:48:41 CET.
Flavor | Version | Tinstall | Tcheck | Ttotal | Status | Flags |
---|---|---|---|---|---|---|
r-devel-linux-x86_64-debian-clang | 1.0.7 | 10.66 | 245.67 | 256.33 | OK | |
r-devel-linux-x86_64-debian-gcc | 1.0.7 | 8.18 | 166.94 | 175.12 | OK | |
r-devel-linux-x86_64-fedora-clang | 1.0.7 | 397.42 | OK | |||
r-devel-linux-x86_64-fedora-gcc | 1.0.7 | 426.37 | OK | |||
r-devel-windows-x86_64 | 1.0.7 | 14.00 | 265.00 | 279.00 | OK | |
r-patched-linux-x86_64 | 1.0.7 | 11.20 | 243.55 | 254.75 | OK | |
r-release-linux-x86_64 | 1.0.7 | 11.23 | 243.92 | 255.15 | OK | |
r-release-macos-arm64 | 1.0.7 | 131.00 | NOTE | |||
r-release-macos-x86_64 | 1.0.7 | 263.00 | NOTE | |||
r-release-windows-x86_64 | 1.0.7 | 14.00 | 273.00 | 287.00 | NOTE | |
r-oldrel-macos-arm64 | 1.0.7 | 134.00 | NOTE | |||
r-oldrel-macos-x86_64 | 1.0.7 | 349.00 | NOTE | |||
r-oldrel-windows-x86_64 | 1.0.7 | 16.00 | 318.00 | 334.00 | NOTE |
Version: 1.0.7
Check: installed package size
Result: NOTE
installed size is 6.2Mb
sub-directories of 1Mb or more:
R 2.3Mb
extdata 3.1Mb
Flavors: r-release-macos-arm64, r-release-macos-x86_64, r-release-windows-x86_64, r-oldrel-macos-arm64, r-oldrel-macos-x86_64, r-oldrel-windows-x86_64